CRAN Package Check Results for Package RcppQuantuccia

Last updated on 2025-04-29 14:53:45 CEST.

Flavor Version Tinstall Tcheck Ttotal Status Flags
r-devel-linux-x86_64-debian-clang 0.1.2 156.16 26.44 182.60 NOTE
r-devel-linux-x86_64-debian-gcc 0.1.2 105.30 20.91 126.21 NOTE
r-devel-linux-x86_64-fedora-clang 0.1.2 395.76 OK
r-devel-linux-x86_64-fedora-gcc 0.1.2 322.23 OK
r-devel-windows-x86_64 0.1.2 201.00 85.00 286.00 OK
r-patched-linux-x86_64 0.1.2 152.07 24.50 176.57 OK
r-release-linux-x86_64 0.1.2 152.17 24.05 176.22 OK
r-release-macos-arm64 0.1.2 64.00 OK
r-release-macos-x86_64 0.1.2 76.00 OK
r-release-windows-x86_64 0.1.2 201.00 102.00 303.00 OK
r-oldrel-macos-arm64 0.1.2 62.00 NOTE
r-oldrel-macos-x86_64 0.1.2 70.00 NOTE
r-oldrel-windows-x86_64 0.1.2 215.00 122.00 337.00 OK

Check Details

Version: 0.1.2
Check: CRAN incoming feasibility
Result: NOTE Maintainer: ‘Dirk Eddelbuettel <edd@debian.org>’ No Authors@R field in DESCRIPTION. Please add one, modifying Authors@R: c(person(given = c("Dirk", "Eddelbuettel;", "the"), family = "authors", role = "aut"), person(given = c("contributors", "of"), family = "QuantLib", role = "aut"), person(given = "Dirk", family = "Eddelbuettel", role = "cre", email = "edd@debian.org")) as necessary. Flavors: r-devel-linux-x86_64-debian-clang, r-devel-linux-x86_64-debian-gcc

Version: 0.1.2
Check: installed package size
Result: NOTE installed size is 8.4Mb sub-directories of 1Mb or more: libs 8.3Mb Flavors: r-oldrel-macos-arm64, r-oldrel-macos-x86_64