CRAN Package Check Results for Package SC2API

Last updated on 2025-04-29 14:53:48 CEST.

Flavor Version Tinstall Tcheck Ttotal Status Flags
r-devel-linux-x86_64-debian-clang 1.0.0 2.69 39.97 42.66 OK
r-devel-linux-x86_64-debian-gcc 1.0.0 1.98 29.85 31.83 OK
r-devel-linux-x86_64-fedora-clang 1.0.0 64.72 OK
r-devel-linux-x86_64-fedora-gcc 1.0.0 77.08 OK
r-devel-windows-x86_64 1.0.0 4.00 66.00 70.00 OK
r-patched-linux-x86_64 1.0.0 2.59 36.55 39.14 OK
r-release-linux-x86_64 1.0.0 2.60 37.32 39.92 OK
r-release-macos-arm64 1.0.0 38.00 OK
r-release-macos-x86_64 1.0.0 59.00 OK
r-release-windows-x86_64 1.0.0 4.00 64.00 68.00 OK
r-oldrel-macos-arm64 1.0.0 32.00 NOTE
r-oldrel-macos-x86_64 1.0.0 46.00 NOTE
r-oldrel-windows-x86_64 1.0.0 5.00 72.00 77.00 NOTE

Check Details

Version: 1.0.0
Check: LazyData
Result: NOTE 'LazyData' is specified without a 'data' directory Flavors: r-oldrel-macos-arm64, r-oldrel-macos-x86_64, r-oldrel-windows-x86_64