Last updated on 2025-04-29 08:52:11 CEST.
Flavor | Version | Tinstall | Tcheck | Ttotal | Status | Flags |
---|---|---|---|---|---|---|
r-devel-linux-x86_64-debian-clang | 1.3.2 | 11.87 | 106.84 | 118.71 | OK | |
r-devel-linux-x86_64-debian-gcc | 1.3.2 | 7.83 | 76.14 | 83.97 | NOTE | |
r-devel-linux-x86_64-fedora-clang | 1.3.2 | 181.34 | OK | |||
r-devel-linux-x86_64-fedora-gcc | 1.3.2 | 186.84 | OK | |||
r-devel-windows-x86_64 | 1.3.2 | 13.00 | 114.00 | 127.00 | OK | |
r-patched-linux-x86_64 | 1.3.2 | 10.83 | 101.26 | 112.09 | OK | |
r-release-linux-x86_64 | 1.3.2 | 11.04 | 100.23 | 111.27 | OK | |
r-release-macos-arm64 | 1.3.2 | 69.00 | OK | |||
r-release-macos-x86_64 | 1.3.2 | 138.00 | OK | |||
r-release-windows-x86_64 | 1.3.2 | 11.00 | 121.00 | 132.00 | OK | |
r-oldrel-macos-arm64 | 1.3.2 | 57.00 | OK | |||
r-oldrel-macos-x86_64 | 1.3.2 | 87.00 | OK | |||
r-oldrel-windows-x86_64 | 1.3.2 | 17.00 | 149.00 | 166.00 | OK |
Version: 1.3.2
Check: examples
Result: NOTE
Examples with CPU (user + system) or elapsed time > 5s
user system elapsed
SIMMS-package 4.237 0.025 5.128
Flavor: r-devel-linux-x86_64-debian-gcc