Last updated on 2025-04-29 08:52:12 CEST.
Flavor | Version | Tinstall | Tcheck | Ttotal | Status | Flags |
---|---|---|---|---|---|---|
r-devel-linux-x86_64-debian-clang | 1.4-3.1 | 7.95 | 68.37 | 76.32 | OK | |
r-devel-linux-x86_64-debian-gcc | 1.4-3.1 | 5.34 | 50.69 | 56.03 | NOTE | |
r-devel-linux-x86_64-fedora-clang | 1.4-3.1 | 117.90 | OK | |||
r-devel-linux-x86_64-fedora-gcc | 1.4-3.1 | 119.16 | OK | |||
r-devel-windows-x86_64 | 1.4-3.1 | 9.00 | 104.00 | 113.00 | OK | |
r-patched-linux-x86_64 | 1.4-3.1 | 9.98 | 66.48 | 76.46 | OK | |
r-release-linux-x86_64 | 1.4-3.1 | 7.68 | 66.17 | 73.85 | OK | |
r-release-macos-arm64 | 1.4-3.1 | 41.00 | OK | |||
r-release-macos-x86_64 | 1.4-3.1 | 91.00 | OK | |||
r-release-windows-x86_64 | 1.4-3.1 | 10.00 | 108.00 | 118.00 | OK | |
r-oldrel-macos-arm64 | 1.4-3.1 | 36.00 | OK | |||
r-oldrel-macos-x86_64 | 1.4-3.1 | 64.00 | OK | |||
r-oldrel-windows-x86_64 | 1.4-3.1 | 12.00 | 123.00 | 135.00 | OK |
Version: 1.4-3.1
Check: CRAN incoming feasibility
Result: NOTE
Maintainer: ‘Alessandra R. Brazzale <brazzale@stat.unipd.it>’
No Authors@R field in DESCRIPTION.
Please add one, modifying
Authors@R: c(person(given = "Anthony",
family = "Davison",
role = "aut",
email = "Anthony.Davison@epfl.ch"),
person(given = c("Alessandra", "R."),
family = "Brazzale",
role = "cre",
email = "brazzale@stat.unipd.it"))
as necessary.
Flavor: r-devel-linux-x86_64-debian-gcc