CRAN Package Check Results for Package ShinyItemAnalysis

Last updated on 2025-04-29 08:52:11 CEST.

Flavor Version Tinstall Tcheck Ttotal Status Flags
r-devel-linux-x86_64-debian-clang 1.5.4 22.02 164.95 186.97 OK
r-devel-linux-x86_64-debian-gcc 1.5.4 14.56 117.75 132.31 NOTE
r-devel-linux-x86_64-fedora-clang 1.5.4 291.70 OK
r-devel-linux-x86_64-fedora-gcc 1.5.4 290.18 OK
r-devel-windows-x86_64 1.5.4 23.00 171.00 194.00 OK
r-patched-linux-x86_64 1.5.4 24.08 157.62 181.70 OK
r-release-linux-x86_64 1.5.4 22.87 157.23 180.10 OK
r-release-macos-arm64 1.5.4 74.00 OK
r-release-macos-x86_64 1.5.4 158.00 OK
r-release-windows-x86_64 1.5.4 25.00 172.00 197.00 OK
r-oldrel-macos-arm64 1.5.4 84.00 OK
r-oldrel-macos-x86_64 1.5.4 194.00 OK
r-oldrel-windows-x86_64 1.5.4 30.00 230.00 260.00 OK

Check Details

Version: 1.5.4
Check: examples
Result: NOTE Examples with CPU (user + system) or elapsed time > 5s user system elapsed plotDIFirt 4.12 0.115 5.153 Flavor: r-devel-linux-x86_64-debian-gcc