Last updated on 2025-04-29 08:52:11 CEST.
Flavor | Version | Tinstall | Tcheck | Ttotal | Status | Flags |
---|---|---|---|---|---|---|
r-devel-linux-x86_64-debian-clang | 2.2.5 | 7.16 | 79.17 | 86.33 | OK | |
r-devel-linux-x86_64-debian-gcc | 2.2.5 | 5.62 | 62.62 | 68.24 | NOTE | |
r-devel-linux-x86_64-fedora-clang | 2.2.5 | 145.89 | OK | |||
r-devel-linux-x86_64-fedora-gcc | 2.2.5 | 157.87 | OK | |||
r-devel-windows-x86_64 | 2.2.5 | 11.00 | 96.00 | 107.00 | OK | |
r-patched-linux-x86_64 | 2.2.5 | 8.42 | 76.92 | 85.34 | OK | |
r-release-linux-x86_64 | 2.2.5 | 8.17 | 76.65 | 84.82 | OK | |
r-release-macos-arm64 | 2.2.5 | 56.00 | OK | |||
r-release-macos-x86_64 | 2.2.5 | 86.00 | OK | |||
r-release-windows-x86_64 | 2.2.5 | 10.00 | 98.00 | 108.00 | OK | |
r-oldrel-macos-arm64 | 2.2.5 | 53.00 | OK | |||
r-oldrel-macos-x86_64 | 2.2.5 | 80.00 | OK | |||
r-oldrel-windows-x86_64 | 2.2.5 | 11.00 | 118.00 | 129.00 | OK |
Version: 2.2.5
Check: CRAN incoming feasibility
Result: NOTE
Maintainer: ‘Mathew Chamberlain <chamberlainphd@gmail.com>’
Package CITATION file contains call(s) to old-style personList() or
as.personList(). Please use c() on person objects instead.
Package CITATION file contains call(s) to old-style citEntry(). Please
use bibentry() instead.
Flavor: r-devel-linux-x86_64-debian-gcc