Last updated on 2025-04-29 08:52:12 CEST.
Flavor | Version | Tinstall | Tcheck | Ttotal | Status | Flags |
---|---|---|---|---|---|---|
r-devel-linux-x86_64-debian-clang | 2.0-7 | 3.83 | 219.42 | 223.25 | OK | |
r-devel-linux-x86_64-debian-gcc | 2.0-7 | 2.85 | 158.84 | 161.69 | NOTE | |
r-devel-linux-x86_64-fedora-clang | 2.0-7 | 344.12 | OK | |||
r-devel-linux-x86_64-fedora-gcc | 2.0-7 | 366.66 | OK | |||
r-devel-windows-x86_64 | 2.0-7 | 7.00 | 387.00 | 394.00 | OK | |
r-patched-linux-x86_64 | 2.0-7 | 6.21 | 213.23 | 219.44 | OK | |
r-release-linux-x86_64 | 2.0-7 | 3.77 | 210.46 | 214.23 | OK | |
r-release-macos-arm64 | 2.0-7 | 139.00 | OK | |||
r-release-macos-x86_64 | 2.0-7 | 301.00 | OK | |||
r-release-windows-x86_64 | 2.0-7 | 6.00 | 392.00 | 398.00 | OK | |
r-oldrel-macos-arm64 | 2.0-7 | 114.00 | NOTE | |||
r-oldrel-macos-x86_64 | 2.0-7 | 325.00 | NOTE | |||
r-oldrel-windows-x86_64 | 2.0-7 | 6.00 | 614.00 | 620.00 | NOTE |
Version: 2.0-7
Check: CRAN incoming feasibility
Result: NOTE
Maintainer: ‘Berwin A Turlach <Berwin.Turlach@gmail.com>’
No Authors@R field in DESCRIPTION.
Please add one, modifying
Authors@R: c(person(given = c("Original", "by", "F.L."),
family = "Ramsey",
role = "aut"),
person(given = c("D.W.", "Schafer;", "modifications", "by", "Daniel", "W."),
family = "Schafer",
role = "aut"),
person(given = "Jeannie",
family = "Sifneos",
role = "aut"),
person(given = c("Berwin", "A.", "Turlach;", "vignettes", "contributed", "by", "Nicholas"),
family = "Horton",
role = "aut"),
person(given = "Kate",
family = "Aloisio",
role = "aut"),
person(given = "Ruobing",
family = "Zhang",
role = "aut"),
person(given = c("with", "corrections", "by", "Randall"),
family = "Pruim",
role = "aut"),
person(given = c("Berwin", "A"),
family = "Turlach",
role = "cre",
email = "Berwin.Turlach@gmail.com"))
as necessary.
Flavor: r-devel-linux-x86_64-debian-gcc
Version: 2.0-7
Check: installed package size
Result: NOTE
installed size is 5.1Mb
sub-directories of 1Mb or more:
doc 4.4Mb
Flavors: r-oldrel-macos-arm64, r-oldrel-macos-x86_64, r-oldrel-windows-x86_64