Last updated on 2025-04-29 08:52:12 CEST.
Flavor | Version | Tinstall | Tcheck | Ttotal | Status | Flags |
---|---|---|---|---|---|---|
r-devel-linux-x86_64-debian-clang | 1.6.2 | 37.90 | 82.06 | 119.96 | OK | |
r-devel-linux-x86_64-debian-gcc | 1.6.2 | 30.11 | 62.14 | 92.25 | NOTE | |
r-devel-linux-x86_64-fedora-clang | 1.6.2 | 194.01 | NOTE | |||
r-devel-linux-x86_64-fedora-gcc | 1.6.2 | 205.95 | NOTE | |||
r-devel-windows-x86_64 | 1.6.2 | 41.00 | 106.00 | 147.00 | OK | |
r-patched-linux-x86_64 | 1.6.2 | 39.79 | 81.75 | 121.54 | OK | |
r-release-linux-x86_64 | 1.6.2 | 39.11 | 82.11 | 121.22 | OK | |
r-release-macos-arm64 | 1.6.2 | 98.00 | OK | |||
r-release-macos-x86_64 | 1.6.2 | 123.00 | OK | |||
r-release-windows-x86_64 | 1.6.2 | 41.00 | 105.00 | 146.00 | OK | |
r-oldrel-macos-arm64 | 1.6.2 | 57.00 | NOTE | |||
r-oldrel-macos-x86_64 | 1.6.2 | 86.00 | NOTE | |||
r-oldrel-windows-x86_64 | 1.6.2 | 46.00 | 130.00 | 176.00 | NOTE |
Version: 1.6.2
Check: CRAN incoming feasibility
Result: NOTE
Maintainer: ‘Alencar Xavier <alenxav@gmail.com>’
No Authors@R field in DESCRIPTION.
Please add one, modifying
Authors@R: c(person(given = "Alencar",
family = "Xavier",
role = c("aut", "cre"),
email = "alenxav@gmail.com"),
person(given = "William",
family = "Beavis",
role = "aut"),
person(given = "James",
family = "Specht",
role = "aut"),
person(given = "Brian",
family = "Diers",
role = "aut"),
person(given = "Rouf",
family = "Mian",
role = "aut"),
person(given = "Reka",
family = "Howard",
role = "aut"),
person(given = "George",
family = "Graef",
role = "aut"),
person(given = "Randall",
family = "Nelson",
role = "aut"),
person(given = "William",
family = "Schapaugh",
role = "aut"),
person(given = "Dechun",
family = "Wang",
role = "aut"),
person(given = "Grover",
family = "Shannon",
role = "aut"),
person(given = "Leah",
family = "McHale",
role = "aut"),
person(given = "Perry",
family = "Cregan",
role = "aut"),
person(given = "Qijian",
family = "Song",
role = "aut"),
person(given = "Miguel",
family = "Lopez",
role = "aut"),
person(given = "William",
family = "Muir",
role = "aut"),
person(given = "Katy",
family = "Rainey.",
role = "aut"))
as necessary.
Flavor: r-devel-linux-x86_64-debian-gcc
Version: 1.6.2
Check: dependencies in R code
Result: NOTE
Namespace in Imports field not imported from: ‘RcppEigen’
All declared Imports should be used.
Flavors: r-devel-linux-x86_64-fedora-clang, r-devel-linux-x86_64-fedora-gcc
Version: 1.6.2
Check: installed package size
Result: NOTE
installed size is 19.1Mb
sub-directories of 1Mb or more:
data 4.7Mb
libs 14.3Mb
Flavors: r-oldrel-macos-arm64, r-oldrel-macos-x86_64, r-oldrel-windows-x86_64