Last updated on 2025-04-29 08:52:12 CEST.
Flavor | Version | Tinstall | Tcheck | Ttotal | Status | Flags |
---|---|---|---|---|---|---|
r-devel-linux-x86_64-debian-clang | 1.0.6 | 68.24 | 27.91 | 96.15 | OK | |
r-devel-linux-x86_64-debian-gcc | 1.0.6 | 50.64 | 23.78 | 74.42 | OK | |
r-devel-linux-x86_64-fedora-clang | 1.0.6 | 200.19 | OK | |||
r-devel-linux-x86_64-fedora-gcc | 1.0.6 | 191.78 | OK | |||
r-devel-windows-x86_64 | 1.0.6 | 90.00 | 65.00 | 155.00 | OK | |
r-patched-linux-x86_64 | 1.0.6 | 74.95 | 27.45 | 102.40 | OK | |
r-release-linux-x86_64 | 1.0.6 | 70.10 | 27.43 | 97.53 | OK | |
r-release-macos-arm64 | 1.0.6 | 50.00 | OK | |||
r-release-macos-x86_64 | 1.0.6 | 78.00 | OK | |||
r-release-windows-x86_64 | 1.0.6 | 91.00 | 68.00 | 159.00 | OK | |
r-oldrel-macos-arm64 | 1.0.6 | 55.00 | NOTE | |||
r-oldrel-macos-x86_64 | 1.0.6 | 73.00 | NOTE | |||
r-oldrel-windows-x86_64 | 1.0.6 | 103.00 | 83.00 | 186.00 | OK |
Version: 1.0.6
Check: installed package size
Result: NOTE
installed size is 5.2Mb
sub-directories of 1Mb or more:
libs 5.0Mb
Flavors: r-oldrel-macos-arm64, r-oldrel-macos-x86_64