CRAN Package Check Results for Package SurrogateTest

Last updated on 2025-04-29 08:52:13 CEST.

Flavor Version Tinstall Tcheck Ttotal Status Flags
r-devel-linux-x86_64-debian-clang 1.3 7.18 58.62 65.80 OK
r-devel-linux-x86_64-debian-gcc 1.3 4.66 43.18 47.84 NOTE
r-devel-linux-x86_64-fedora-clang 1.3 102.31 OK
r-devel-linux-x86_64-fedora-gcc 1.3 97.66 OK
r-devel-windows-x86_64 1.3 7.00 75.00 82.00 OK
r-patched-linux-x86_64 1.3 7.00 56.45 63.45 OK
r-release-linux-x86_64 1.3 6.92 56.31 63.23 OK
r-release-macos-arm64 1.3 30.00 OK
r-release-macos-x86_64 1.3 56.00 OK
r-release-windows-x86_64 1.3 7.00 75.00 82.00 OK
r-oldrel-macos-arm64 1.3 31.00 OK
r-oldrel-macos-x86_64 1.3 68.00 OK
r-oldrel-windows-x86_64 1.3 9.00 88.00 97.00 OK

Check Details

Version: 1.3
Check: CRAN incoming feasibility
Result: NOTE Maintainer: ‘Layla Parast <parast@austin.utexas.edu>’ No Authors@R field in DESCRIPTION. Please add one, modifying Authors@R: person(given = "Layla", family = "Parast", role = c("aut", "cre"), email = "parast@austin.utexas.edu") as necessary. Flavor: r-devel-linux-x86_64-debian-gcc