Last updated on 2025-04-29 08:52:13 CEST.
Flavor | Version | Tinstall | Tcheck | Ttotal | Status | Flags |
---|---|---|---|---|---|---|
r-devel-linux-x86_64-debian-clang | 1.7 | 7.00 | 65.85 | 72.85 | NOTE | |
r-devel-linux-x86_64-debian-gcc | 1.7 | 4.85 | 50.88 | 55.73 | NOTE | |
r-devel-linux-x86_64-fedora-clang | 1.7 | 113.29 | OK | |||
r-devel-linux-x86_64-fedora-gcc | 1.7 | 121.33 | OK | |||
r-devel-windows-x86_64 | 1.7 | 8.00 | 101.00 | 109.00 | NOTE | |
r-patched-linux-x86_64 | 1.7 | 7.53 | 63.34 | 70.87 | NOTE | |
r-release-linux-x86_64 | 1.7 | 6.10 | 63.46 | 69.56 | NOTE | |
r-release-macos-arm64 | 1.7 | 52.00 | OK | |||
r-release-macos-x86_64 | 1.7 | 86.00 | OK | |||
r-release-windows-x86_64 | 1.7 | 8.00 | 104.00 | 112.00 | NOTE | |
r-oldrel-macos-arm64 | 1.7 | 43.00 | OK | |||
r-oldrel-macos-x86_64 | 1.7 | 61.00 | OK | |||
r-oldrel-windows-x86_64 | 1.7 | 10.00 | 108.00 | 118.00 | OK |
Version: 1.7
Check: Rd cross-references
Result: NOTE
Found the following Rd file(s) with Rd \link{} targets missing package
anchors:
ConvertWeibull.Rd: survreg
NormalMeanDiffCens.Rd: Surv
ParamSampleCens.Rd: Surv
SurvRegCens.Rd: Surv, survreg
WeibullDiag.Rd: Surv, plot.survfit
WeibullReg.Rd: survreg, Surv
censorContVar.Rd: Surv
Please provide package anchors for all Rd \link{} targets not in the
package itself and the base packages.
Flavors: r-devel-linux-x86_64-debian-clang, r-devel-linux-x86_64-debian-gcc, r-devel-windows-x86_64, r-patched-linux-x86_64, r-release-linux-x86_64, r-release-windows-x86_64
Version: 1.7
Check: CRAN incoming feasibility
Result: NOTE
Maintainer: ‘Stanislas Hubeaux <stan.hubeaux@bluewin.ch>’
No Authors@R field in DESCRIPTION.
Please add one, modifying
Authors@R: c(person(given = "Stanislas",
family = "Hubeaux",
role = c("aut", "cre"),
email = "stan.hubeaux@bluewin.ch"),
person(given = "Kaspar",
family = "Rufibach",
role = "aut",
email = "kaspar.rufibach@gmail.com"))
as necessary.
The Description field contains
<arXiv:1402.0432>.
Please refer to arXiv e-prints via their arXiv DOI <doi:10.48550/arXiv.YYMM.NNNNN>.
Flavor: r-devel-linux-x86_64-debian-gcc