Last updated on 2025-04-29 08:52:14 CEST.
Flavor | Version | Tinstall | Tcheck | Ttotal | Status | Flags |
---|---|---|---|---|---|---|
r-devel-linux-x86_64-debian-clang | 0.1.0 | 2.06 | 22.64 | 24.70 | OK | |
r-devel-linux-x86_64-debian-gcc | 0.1.0 | 1.63 | 18.62 | 20.25 | NOTE | |
r-devel-linux-x86_64-fedora-clang | 0.1.0 | 39.27 | OK | |||
r-devel-linux-x86_64-fedora-gcc | 0.1.0 | 37.59 | OK | |||
r-devel-windows-x86_64 | 0.1.0 | 3.00 | 45.00 | 48.00 | OK | |
r-patched-linux-x86_64 | 0.1.0 | 1.26 | 21.89 | 23.15 | OK | |
r-release-linux-x86_64 | 0.1.0 | 1.29 | 22.42 | 23.71 | OK | |
r-release-macos-arm64 | 0.1.0 | 20.00 | OK | |||
r-release-macos-x86_64 | 0.1.0 | 31.00 | OK | |||
r-release-windows-x86_64 | 0.1.0 | 3.00 | 49.00 | 52.00 | OK | |
r-oldrel-macos-arm64 | 0.1.0 | 16.00 | OK | |||
r-oldrel-macos-x86_64 | 0.1.0 | 24.00 | OK | |||
r-oldrel-windows-x86_64 | 0.1.0 | 3.00 | 49.00 | 52.00 | OK |
Version: 0.1.0
Check: CRAN incoming feasibility
Result: NOTE
Maintainer: ‘Marcos Fernández-Martínez <marcos.fernandez-martinez@uantwerpen.be>’
No Authors@R field in DESCRIPTION.
Please add one, modifying
Authors@R: c(person(given = "Marcos",
family = "Fernández-Martínez",
role = c("aut", "cre"),
email = "marcos.fernandez-martinez@uantwerpen.be"),
person(given = "Joan",
family = "Maspons",
role = "aut"))
as necessary.
Flavor: r-devel-linux-x86_64-debian-gcc