CRAN Package Check Results for Package Tendril

Last updated on 2025-04-29 08:52:14 CEST.

Flavor Version Tinstall Tcheck Ttotal Status Flags
r-devel-linux-x86_64-debian-clang 2.0.4 3.88 142.13 146.01 NOTE
r-devel-linux-x86_64-debian-gcc 2.0.4 2.62 100.76 103.38 NOTE
r-devel-linux-x86_64-fedora-clang 2.0.4 221.87 NOTE
r-devel-linux-x86_64-fedora-gcc 2.0.4 234.76 NOTE
r-devel-windows-x86_64 2.0.4 5.00 155.00 160.00 NOTE
r-patched-linux-x86_64 2.0.4 3.70 138.23 141.93 NOTE
r-release-linux-x86_64 2.0.4 3.76 137.83 141.59 NOTE
r-release-macos-arm64 2.0.4 76.00 NOTE
r-release-macos-x86_64 2.0.4 162.00 NOTE
r-release-windows-x86_64 2.0.4 5.00 142.00 147.00 NOTE
r-oldrel-macos-arm64 2.0.4 72.00 NOTE
r-oldrel-macos-x86_64 2.0.4 158.00 NOTE
r-oldrel-windows-x86_64 2.0.4 6.00 188.00 194.00 NOTE

Check Details

Version: 2.0.4
Check: Rd files
Result: NOTE checkRd: (-1) Tendril.Rd:53: Lost braces in \itemize; \value handles \item{}{} directly checkRd: (-1) Tendril.Rd:54: Lost braces in \itemize; \value handles \item{}{} directly checkRd: (-1) Tendril.Rd:55: Lost braces in \itemize; \value handles \item{}{} directly checkRd: (-1) Tendril.Rd:56: Lost braces in \itemize; \value handles \item{}{} directly checkRd: (-1) Tendril.Rd:57: Lost braces in \itemize; \value handles \item{}{} directly checkRd: (-1) Tendril.Rd:58: Lost braces in \itemize; \value handles \item{}{} directly checkRd: (-1) Tendril.Rd:59: Lost braces in \itemize; \value handles \item{}{} directly checkRd: (-1) Tendril.Rd:60: Lost braces in \itemize; \value handles \item{}{} directly checkRd: (-1) Tendril.Rd:61: Lost braces in \itemize; \value handles \item{}{} directly checkRd: (-1) Tendril.Rd:62: Lost braces in \itemize; \value handles \item{}{} directly checkRd: (-1) Tendril.Rd:63: Lost braces in \itemize; \value handles \item{}{} directly checkRd: (-1) Tendril.Rd:64: Lost braces in \itemize; \value handles \item{}{} directly checkRd: (-1) Tendril.Rd:65: Lost braces in \itemize; \value handles \item{}{} directly checkRd: (-1) Tendril.Rd:66: Lost braces in \itemize; \value handles \item{}{} directly checkRd: (-1) Tendril.Rd:67: Lost braces in \itemize; \value handles \item{}{} directly Flavors: r-devel-linux-x86_64-debian-clang, r-devel-linux-x86_64-debian-gcc, r-devel-linux-x86_64-fedora-clang, r-devel-linux-x86_64-fedora-gcc, r-devel-windows-x86_64, r-patched-linux-x86_64, r-release-linux-x86_64, r-release-macos-arm64, r-release-macos-x86_64, r-release-windows-x86_64, r-oldrel-macos-arm64, r-oldrel-macos-x86_64, r-oldrel-windows-x86_64

Version: 2.0.4
Check: examples
Result: NOTE Examples with CPU (user + system) or elapsed time > 5s user system elapsed TendrilPerm 6.532 0.14 8.033 plot.TendrilPerm 5.540 0.05 6.024 Flavor: r-devel-linux-x86_64-debian-gcc

Version: 2.0.4
Check: dependencies in R code
Result: NOTE Namespace in Imports field not imported from: ‘graphics’ All declared Imports should be used. Flavors: r-devel-linux-x86_64-fedora-clang, r-devel-linux-x86_64-fedora-gcc