CRAN Package Check Results for Package TransProR

Last updated on 2025-04-29 08:52:14 CEST.

Flavor Version Tinstall Tcheck Ttotal Status Flags
r-devel-linux-x86_64-debian-clang 1.0.3 52.32 447.61 499.93 OK
r-devel-linux-x86_64-debian-gcc 1.0.3 38.66 317.62 356.28 NOTE
r-devel-linux-x86_64-fedora-clang 1.0.3 852.23 OK
r-devel-linux-x86_64-fedora-gcc 1.0.3 785.56 OK
r-devel-windows-x86_64 1.0.3 54.00 422.00 476.00 OK
r-patched-linux-x86_64 1.0.3 50.45 428.30 478.75 OK
r-release-linux-x86_64 1.0.3 47.89 415.72 463.61 OK
r-release-macos-arm64 1.0.3 207.00 OK
r-release-macos-x86_64 1.0.3 231.00 OK
r-release-windows-x86_64 1.0.3 54.00 419.00 473.00 OK
r-oldrel-macos-arm64 1.0.3 149.00 OK
r-oldrel-macos-x86_64 1.0.3 255.00 NOTE
r-oldrel-windows-x86_64 1.0.3 70.00 701.00 771.00 OK

Check Details

Version: 1.0.3
Check: examples
Result: NOTE Examples with CPU (user + system) or elapsed time > 5s user system elapsed DESeq2_analyze 4.414 0.13 6.208 Flavor: r-devel-linux-x86_64-debian-gcc

Version: 1.0.3
Check: package dependencies
Result: NOTE Package suggested but not available for checking: ‘ggtreeExtra’ Flavor: r-oldrel-macos-x86_64