Last updated on 2025-04-29 08:52:15 CEST.
Flavor | Version | Tinstall | Tcheck | Ttotal | Status | Flags |
---|---|---|---|---|---|---|
r-devel-linux-x86_64-debian-clang | 1.4 | 86.79 | 79.64 | 166.43 | OK | |
r-devel-linux-x86_64-debian-gcc | 1.4 | 59.98 | 62.39 | 122.37 | OK | |
r-devel-linux-x86_64-fedora-clang | 1.4 | 312.39 | OK | |||
r-devel-linux-x86_64-fedora-gcc | 1.4 | 311.03 | OK | |||
r-devel-windows-x86_64 | 1.4 | 102.00 | 109.00 | 211.00 | OK | |
r-patched-linux-x86_64 | 1.4 | 87.82 | 83.62 | 171.44 | OK | |
r-release-linux-x86_64 | 1.4 | 87.04 | 88.57 | 175.61 | OK | |
r-release-macos-arm64 | 1.4 | 62.00 | OK | |||
r-release-macos-x86_64 | 1.4 | 107.00 | OK | |||
r-release-windows-x86_64 | 1.4 | 106.00 | 106.00 | 212.00 | OK | |
r-oldrel-macos-arm64 | 1.4 | 69.00 | NOTE | |||
r-oldrel-macos-x86_64 | 1.4 | 85.00 | NOTE | |||
r-oldrel-windows-x86_64 | 1.4 | 116.00 | 138.00 | 254.00 | OK |
Version: 1.4
Check: installed package size
Result: NOTE
installed size is 5.0Mb
sub-directories of 1Mb or more:
libs 4.3Mb
Flavors: r-oldrel-macos-arm64, r-oldrel-macos-x86_64