CRAN Package Check Results for Package Visualize.CRAN.Downloads

Last updated on 2025-04-29 08:52:15 CEST.

Flavor Version Tinstall Tcheck Ttotal Status Flags
r-devel-linux-x86_64-debian-clang 1.0.3 7.04 50.58 57.62 OK
r-devel-linux-x86_64-debian-gcc 1.0.3 4.92 41.59 46.51 NOTE
r-devel-linux-x86_64-fedora-clang 1.0.3 90.55 OK
r-devel-linux-x86_64-fedora-gcc 1.0.3 100.05 OK
r-devel-windows-x86_64 1.0.3 9.00 74.00 83.00 OK
r-patched-linux-x86_64 1.0.3 6.52 53.45 59.97 OK
r-release-linux-x86_64 1.0.3 5.70 53.26 58.96 OK
r-release-macos-arm64 1.0.3 47.00 OK
r-release-macos-x86_64 1.0.3 71.00 OK
r-release-windows-x86_64 1.0.3 10.00 74.00 84.00 OK
r-oldrel-macos-arm64 1.0.3 43.00 OK
r-oldrel-macos-x86_64 1.0.3 61.00 OK
r-oldrel-windows-x86_64 1.0.3 11.00 90.00 101.00 OK

Check Details

Version: 1.0.3
Check: CRAN incoming feasibility
Result: NOTE Maintainer: ‘Marcelo Ponce <m.ponce@utoronto.ca>’ No Authors@R field in DESCRIPTION. Please add one, modifying Authors@R: person(given = "Marcelo", family = "Ponce", role = c("aut", "cre"), email = "m.ponce@utoronto.ca") as necessary. Flavor: r-devel-linux-x86_64-debian-gcc