CRAN Package Check Results for Package WGCNA

Last updated on 2025-04-29 08:52:16 CEST.

Flavor Version Tinstall Tcheck Ttotal Status Flags
r-devel-linux-x86_64-debian-clang 1.73 60.12 365.69 425.81 OK
r-devel-linux-x86_64-debian-gcc 1.73 47.97 254.22 302.19 NOTE
r-devel-linux-x86_64-fedora-clang 1.73 760.88 OK
r-devel-linux-x86_64-fedora-gcc 1.73 650.28 OK
r-devel-windows-x86_64 1.73 66.00 386.00 452.00 OK
r-patched-linux-x86_64 1.73 69.65 349.41 419.06 OK
r-release-linux-x86_64 1.73 54.71 350.61 405.32 OK
r-release-macos-arm64 1.73 162.00 OK
r-release-macos-x86_64 1.73 440.00 OK
r-release-windows-x86_64 1.73 64.00 386.00 450.00 OK
r-oldrel-macos-arm64 1.73 136.00 NOTE
r-oldrel-macos-x86_64 1.73 338.00 NOTE
r-oldrel-windows-x86_64 1.73 90.00 528.00 618.00 OK

Additional issues

gcc-UBSAN

Check Details

Version: 1.73
Check: examples
Result: NOTE Examples with CPU (user + system) or elapsed time > 5s user system elapsed consensusDissTOMandTree 5.386 0.138 7.601 Flavor: r-devel-linux-x86_64-debian-gcc

Version: 1.73
Check: package dependencies
Result: NOTE Package suggested but not available for checking: ‘org.Mm.eg.db’ Flavor: r-oldrel-macos-arm64

Version: 1.73
Check: installed package size
Result: NOTE installed size is 5.3Mb sub-directories of 1Mb or more: R 2.0Mb libs 1.5Mb Flavors: r-oldrel-macos-arm64, r-oldrel-macos-x86_64