Last updated on 2025-04-29 08:52:16 CEST.
Flavor | Version | Tinstall | Tcheck | Ttotal | Status | Flags |
---|---|---|---|---|---|---|
r-devel-linux-x86_64-debian-clang | 1.0.1 | 226.85 | 169.65 | 396.50 | OK | |
r-devel-linux-x86_64-debian-gcc | 1.0.1 | 228.41 | 139.25 | 367.66 | NOTE | |
r-devel-linux-x86_64-fedora-clang | 1.0.1 | 629.18 | NOTE | |||
r-devel-linux-x86_64-fedora-gcc | 1.0.1 | 797.45 | NOTE | |||
r-devel-windows-x86_64 | 1.0.1 | 272.00 | 200.00 | 472.00 | OK | |
r-patched-linux-x86_64 | 1.0.1 | 280.43 | 191.27 | 471.70 | OK | |
r-release-linux-x86_64 | 1.0.1 | 272.46 | 189.92 | 462.38 | OK | |
r-release-macos-arm64 | 1.0.1 | 162.00 | OK | |||
r-release-macos-x86_64 | 1.0.1 | 303.00 | OK | |||
r-release-windows-x86_64 | 1.0.1 | 259.00 | 206.00 | 465.00 | OK | |
r-oldrel-macos-arm64 | 1.0.1 | 161.00 | NOTE | |||
r-oldrel-macos-x86_64 | 1.0.1 | 224.00 | NOTE | |||
r-oldrel-windows-x86_64 | 1.0.1 | 280.00 | 251.00 | 531.00 | NOTE |
Version: 1.0.1
Check: CRAN incoming feasibility
Result: NOTE
Maintainer: ‘Fabio Demarqui <fndemarqui@est.ufmg.br>’
The Description field contains
Mayrink (2019) <arXiv:1910.02406>. Model fitting carried out via
Please refer to arXiv e-prints via their arXiv DOI <doi:10.48550/arXiv.YYMM.NNNNN>.
Flavor: r-devel-linux-x86_64-debian-gcc
Version: 1.0.1
Check: dependencies in R code
Result: NOTE
Namespace in Imports field not imported from: ‘rstantools’
All declared Imports should be used.
Flavors: r-devel-linux-x86_64-fedora-clang, r-devel-linux-x86_64-fedora-gcc
Version: 1.0.1
Check: installed package size
Result: NOTE
installed size is 53.8Mb
sub-directories of 1Mb or more:
libs 53.4Mb
Flavors: r-oldrel-macos-arm64, r-oldrel-macos-x86_64
Version: 1.0.1
Check: for GNU extensions in Makefiles
Result: NOTE
GNU make is a SystemRequirements.
Flavors: r-oldrel-macos-arm64, r-oldrel-macos-x86_64, r-oldrel-windows-x86_64