CRAN Package Check Results for Package adbcpostgresql

Last updated on 2025-04-29 14:53:27 CEST.

Flavor Version Tinstall Tcheck Ttotal Status Flags
r-devel-linux-x86_64-debian-clang 0.17.0 74.34 20.25 94.59 OK
r-devel-linux-x86_64-debian-gcc 0.17.0 58.50 16.89 75.39 OK
r-devel-linux-x86_64-fedora-clang 0.17.0 165.91 OK
r-devel-linux-x86_64-fedora-gcc 0.17.0 192.89 OK
r-devel-windows-x86_64 0.17.0 108.00 107.00 215.00 OK
r-patched-linux-x86_64 0.17.0 85.94 18.76 104.70 OK
r-release-linux-x86_64 0.17.0 82.58 18.49 101.07 OK
r-release-macos-arm64 0.17.0 66.00 OK
r-release-macos-x86_64 0.17.0 53.00 OK
r-release-windows-x86_64 0.17.0 97.00 117.00 214.00 OK
r-oldrel-macos-arm64 0.17.0 45.00 NOTE
r-oldrel-macos-x86_64 0.17.0 69.00 NOTE
r-oldrel-windows-x86_64 0.17.0 86.00 140.00 226.00 NOTE

Check Details

Version: 0.17.0
Check: installed package size
Result: NOTE installed size is 9.2Mb sub-directories of 1Mb or more: libs 9.1Mb Flavors: r-oldrel-macos-arm64, r-oldrel-macos-x86_64, r-oldrel-windows-x86_64