Last updated on 2025-04-29 08:51:51 CEST.
Flavor | Version | Tinstall | Tcheck | Ttotal | Status | Flags |
---|---|---|---|---|---|---|
r-devel-linux-x86_64-debian-clang | 0.3.5 | 5.71 | 171.87 | 177.58 | OK | |
r-devel-linux-x86_64-debian-gcc | 0.3.5 | 4.09 | 142.97 | 147.06 | OK | |
r-devel-linux-x86_64-fedora-clang | 0.3.5 | 272.55 | OK | |||
r-devel-linux-x86_64-fedora-gcc | 0.3.5 | 287.44 | OK | |||
r-devel-windows-x86_64 | 0.3.5 | 9.00 | 196.00 | 205.00 | OK | |
r-patched-linux-x86_64 | 0.3.5 | 5.40 | 175.29 | 180.69 | OK | |
r-release-linux-x86_64 | 0.3.5 | 6.35 | 174.86 | 181.21 | OK | |
r-release-macos-arm64 | 0.3.5 | 106.00 | OK | |||
r-release-macos-x86_64 | 0.3.5 | 178.00 | OK | |||
r-release-windows-x86_64 | 0.3.5 | 9.00 | 200.00 | 209.00 | OK | |
r-oldrel-macos-arm64 | 0.3.5 | 99.00 | NOTE | |||
r-oldrel-macos-x86_64 | 0.3.5 | 170.00 | NOTE | |||
r-oldrel-windows-x86_64 | 0.3.5 | 10.00 | 235.00 | 245.00 | NOTE |
Version: 0.3.5
Check: installed package size
Result: NOTE
installed size is 7.1Mb
sub-directories of 1Mb or more:
ShinyGR 3.4Mb
doc 3.4Mb
Flavors: r-oldrel-macos-arm64, r-oldrel-macos-x86_64, r-oldrel-windows-x86_64