CRAN Package Check Results for Package autoplotly

Last updated on 2025-04-29 08:51:52 CEST.

Flavor Version Tinstall Tcheck Ttotal Status Flags
r-devel-linux-x86_64-debian-clang 0.1.4 6.10 54.22 60.32 OK
r-devel-linux-x86_64-debian-gcc 0.1.4 4.34 40.75 45.09 NOTE
r-devel-linux-x86_64-fedora-clang 0.1.4 92.91 OK
r-devel-linux-x86_64-fedora-gcc 0.1.4 99.33 OK
r-devel-windows-x86_64 0.1.4 9.00 70.00 79.00 OK
r-patched-linux-x86_64 0.1.4 6.34 55.93 62.27 OK
r-release-linux-x86_64 0.1.4 5.92 54.57 60.49 OK
r-release-macos-arm64 0.1.4 36.00 OK
r-release-macos-x86_64 0.1.4 79.00 OK
r-release-windows-x86_64 0.1.4 9.00 70.00 79.00 OK
r-oldrel-macos-arm64 0.1.4 35.00 OK
r-oldrel-macos-x86_64 0.1.4 54.00 OK
r-oldrel-windows-x86_64 0.1.4 10.00 84.00 94.00 OK

Check Details

Version: 0.1.4
Check: CRAN incoming feasibility
Result: NOTE Maintainer: ‘Yuan Tang <terrytangyuan@gmail.com>’ Package CITATION file contains call(s) to old-style citEntry(). Please use bibentry() instead. Flavor: r-devel-linux-x86_64-debian-gcc