Last updated on 2025-04-29 08:51:52 CEST.
Flavor | Version | Tinstall | Tcheck | Ttotal | Status | Flags |
---|---|---|---|---|---|---|
r-devel-linux-x86_64-debian-clang | 0.1-3 | 2.54 | 16.41 | 18.95 | NOTE | |
r-devel-linux-x86_64-debian-gcc | 0.1-3 | 1.91 | 13.61 | 15.52 | NOTE | |
r-devel-linux-x86_64-fedora-clang | 0.1-3 | 30.50 | NOTE | |||
r-devel-linux-x86_64-fedora-gcc | 0.1-3 | 28.97 | NOTE | |||
r-devel-windows-x86_64 | 0.1-3 | 6.00 | 39.00 | 45.00 | NOTE | |
r-patched-linux-x86_64 | 0.1-3 | 1.97 | 16.03 | 18.00 | NOTE | |
r-release-linux-x86_64 | 0.1-3 | 1.85 | 16.15 | 18.00 | NOTE | |
r-release-macos-arm64 | 0.1-3 | 18.00 | NOTE | |||
r-release-macos-x86_64 | 0.1-3 | 26.00 | NOTE | |||
r-release-windows-x86_64 | 0.1-3 | 10.00 | 42.00 | 52.00 | NOTE | |
r-oldrel-macos-arm64 | 0.1-3 | 34.00 | OK | |||
r-oldrel-macos-x86_64 | 0.1-3 | 22.00 | OK | |||
r-oldrel-windows-x86_64 | 0.1-3 | 9.00 | 38.00 | 47.00 | OK |
Version: 0.1-3
Check: compiled code
Result: NOTE
File ‘base64enc/libs/base64enc.so’:
Found non-API call to R: ‘SETLENGTH’
Compiled code should not call non-API entry points in R.
See ‘Writing portable packages’ in the ‘Writing R Extensions’ manual,
and section ‘Moving into C API compliance’ for issues with the use of
non-API entry points.
Flavors: r-devel-linux-x86_64-debian-clang, r-devel-linux-x86_64-debian-gcc, r-patched-linux-x86_64, r-release-linux-x86_64, r-release-macos-arm64, r-release-macos-x86_64
Version: 0.1-3
Check: CRAN incoming feasibility
Result: NOTE
Maintainer: ‘Simon Urbanek <Simon.Urbanek@r-project.org>’
No Authors@R field in DESCRIPTION.
Please add one, modifying
Authors@R: person(given = "Simon",
family = "Urbanek",
role = c("aut", "cre"),
email = "Simon.Urbanek@r-project.org")
as necessary.
Flavor: r-devel-linux-x86_64-debian-gcc
Version: 0.1-3
Check: compiled code
Result: NOTE
File ‘base64enc/libs/base64enc.so’:
Found non-API call to R: ‘SETLENGTH’
File ‘base64enc/libs/base64enc.so’:
Found no calls to: ‘R_registerRoutines’, ‘R_useDynamicSymbols’
Compiled code should not call non-API entry points in R.
It is good practice to register native routines and to disable symbol
search.
See ‘Writing portable packages’ in the ‘Writing R Extensions’ manual,
and section ‘Moving into C API compliance’ for issues with the use of
non-API entry points.
Flavors: r-devel-linux-x86_64-fedora-clang, r-devel-linux-x86_64-fedora-gcc
Version: 0.1-3
Check: compiled code
Result: NOTE
File 'base64enc/libs/x64/base64enc.dll':
Found non-API call to R: 'SETLENGTH'
Compiled code should not call non-API entry points in R.
See 'Writing portable packages' in the 'Writing R Extensions' manual,
and section 'Moving into C API compliance' for issues with the use of
non-API entry points.
Flavors: r-devel-windows-x86_64, r-release-windows-x86_64