CRAN Package Check Results for Package bayesdfa

Last updated on 2025-04-29 08:51:52 CEST.

Flavor Version Tinstall Tcheck Ttotal Status Flags
r-devel-linux-x86_64-debian-clang 1.3.4 651.03 355.95 1006.98 OK
r-devel-linux-x86_64-debian-gcc 1.3.4 570.95 288.84 859.79 NOTE
r-devel-linux-x86_64-fedora-clang 1.3.4 1463.74 OK
r-devel-linux-x86_64-fedora-gcc 1.3.4 1875.78 OK
r-devel-windows-x86_64 1.3.4 598.00 419.00 1017.00 OK
r-patched-linux-x86_64 1.3.4 692.63 411.69 1104.32 OK
r-release-linux-x86_64 1.3.4 691.34 410.05 1101.39 OK
r-release-macos-arm64 1.3.4 409.00 OK
r-release-macos-x86_64 1.3.4 985.00 OK
r-release-windows-x86_64 1.3.4 598.00 430.00 1028.00 OK
r-oldrel-macos-arm64 1.3.4 318.00 NOTE
r-oldrel-macos-x86_64 1.3.4 407.00 NOTE
r-oldrel-windows-x86_64 1.3.4 686.00 562.00 1248.00 NOTE

Check Details

Version: 1.3.4
Check: examples
Result: NOTE Examples with CPU (user + system) or elapsed time > 5s user system elapsed find_regimes 3.533 0.113 6.128 Flavor: r-devel-linux-x86_64-debian-gcc

Version: 1.3.4
Check: installed package size
Result: NOTE installed size is 147.5Mb sub-directories of 1Mb or more: doc 1.0Mb libs 146.0Mb Flavors: r-oldrel-macos-arm64, r-oldrel-macos-x86_64, r-oldrel-windows-x86_64

Version: 1.3.4
Check: for GNU extensions in Makefiles
Result: NOTE GNU make is a SystemRequirements. Flavors: r-oldrel-macos-arm64, r-oldrel-macos-x86_64, r-oldrel-windows-x86_64