CRAN Package Check Results for Package bayesplot

Last updated on 2025-04-29 14:53:28 CEST.

Flavor Version Tinstall Tcheck Ttotal Status Flags
r-devel-linux-x86_64-debian-clang 1.12.0 14.37 420.27 434.64 NOTE
r-devel-linux-x86_64-debian-gcc 1.12.0 9.73 272.59 282.32 NOTE
r-devel-linux-x86_64-fedora-clang 1.12.0 730.49 OK
r-devel-linux-x86_64-fedora-gcc 1.12.0 696.10 OK
r-devel-windows-x86_64 1.12.0 16.00 350.00 366.00 OK
r-patched-linux-x86_64 1.12.0 14.93 394.14 409.07 OK
r-release-linux-x86_64 1.12.0 12.01 392.59 404.60 OK
r-release-macos-arm64 1.12.0 120.00 OK
r-release-macos-x86_64 1.12.0 383.00 OK
r-release-windows-x86_64 1.12.0 19.00 363.00 382.00 OK
r-oldrel-macos-arm64 1.12.0 214.00 NOTE
r-oldrel-macos-x86_64 1.12.0 464.00 NOTE
r-oldrel-windows-x86_64 1.12.0 18.00 499.00 517.00 NOTE

Check Details

Version: 1.12.0
Check: examples
Result: NOTE Examples with CPU (user + system) or elapsed time > 5s user system elapsed bayesplot-colors 7.577 0.012 12.205 MCMC-traces 6.627 0.037 8.493 PPC-test-statistics 6.637 0.004 9.249 PPD-intervals 6.188 0.004 10.118 MCMC-intervals 5.660 0.004 7.361 PPC-intervals 5.303 0.000 7.093 bayesplot_theme_get 5.022 0.000 5.341 bayesplot-helpers 4.961 0.024 6.357 MCMC-combos 4.361 0.107 5.181 MCMC-distributions 3.998 0.039 5.719 Flavor: r-devel-linux-x86_64-debian-clang

Version: 1.12.0
Check: examples
Result: NOTE Examples with CPU (user + system) or elapsed time > 5s user system elapsed bayesplot-colors 4.758 0.015 6.490 MCMC-traces 4.232 0.044 5.117 PPC-test-statistics 4.180 0.018 5.317 MCMC-combos 3.529 0.415 5.031 PPD-intervals 3.826 0.014 5.557 bayesplot_theme_get 3.610 0.077 5.747 pp_check 3.497 0.067 5.181 Flavor: r-devel-linux-x86_64-debian-gcc

Version: 1.12.0
Check: installed package size
Result: NOTE installed size is 6.1Mb sub-directories of 1Mb or more: R 1.9Mb doc 3.5Mb Flavors: r-oldrel-macos-arm64, r-oldrel-macos-x86_64, r-oldrel-windows-x86_64