Last updated on 2025-04-29 14:53:29 CEST.
Flavor | Version | Tinstall | Tcheck | Ttotal | Status | Flags |
---|---|---|---|---|---|---|
r-devel-linux-x86_64-debian-clang | 2023.8.31 | 16.91 | 56.09 | 73.00 | NOTE | |
r-devel-linux-x86_64-debian-gcc | 2023.8.31 | 13.92 | 39.69 | 53.61 | NOTE | |
r-devel-linux-x86_64-fedora-clang | 2023.8.31 | 127.63 | OK | |||
r-devel-linux-x86_64-fedora-gcc | 2023.8.31 | 133.13 | OK | |||
r-devel-windows-x86_64 | 2023.8.31 | 22.00 | 98.00 | 120.00 | OK | |
r-patched-linux-x86_64 | 2023.8.31 | 19.75 | 52.14 | 71.89 | OK | |
r-release-linux-x86_64 | 2023.8.31 | 20.53 | 52.11 | 72.64 | OK | |
r-release-macos-arm64 | 2023.8.31 | 44.00 | OK | |||
r-release-macos-x86_64 | 2023.8.31 | 126.00 | OK | |||
r-release-windows-x86_64 | 2023.8.31 | 22.00 | 101.00 | 123.00 | OK | |
r-oldrel-macos-arm64 | 2023.8.31 | 43.00 | OK | |||
r-oldrel-macos-x86_64 | 2023.8.31 | 66.00 | OK | |||
r-oldrel-windows-x86_64 | 2023.8.31 | 22.00 | 119.00 | 141.00 | OK |
Version: 2023.8.31
Check: CRAN incoming feasibility
Result: NOTE
Maintainer: ‘Toby Dylan Hocking <toby.hocking@r-project.org>’
No Authors@R field in DESCRIPTION.
Please add one, modifying
Authors@R: person(given = c("Toby", "Dylan"),
family = "Hocking",
role = c("aut", "cre"),
email = "toby.hocking@r-project.org")
as necessary.
Flavors: r-devel-linux-x86_64-debian-clang, r-devel-linux-x86_64-debian-gcc
Version: 2023.8.31
Check: examples
Result: NOTE
Examples with CPU (user + system) or elapsed time > 5s
user system elapsed
get_complexity 3.98 0.025 5.935
Flavor: r-devel-linux-x86_64-debian-clang