Last updated on 2025-04-29 08:51:53 CEST.
Flavor | Version | Tinstall | Tcheck | Ttotal | Status | Flags |
---|---|---|---|---|---|---|
r-devel-linux-x86_64-debian-clang | 1.0.2 | 28.04 | 198.85 | 226.89 | OK | |
r-devel-linux-x86_64-debian-gcc | 1.0.2 | 19.18 | 144.04 | 163.22 | NOTE | |
r-devel-linux-x86_64-fedora-clang | 1.0.2 | 386.66 | OK | |||
r-devel-linux-x86_64-fedora-gcc | 1.0.2 | 330.22 | OK | |||
r-devel-windows-x86_64 | 1.0.2 | 30.00 | 180.00 | 210.00 | OK | |
r-patched-linux-x86_64 | 1.0.2 | 25.71 | 191.69 | 217.40 | OK | |
r-release-linux-x86_64 | 1.0.2 | 29.02 | 192.91 | 221.93 | OK | |
r-release-macos-arm64 | 1.0.2 | 96.00 | OK | |||
r-release-macos-x86_64 | 1.0.2 | 246.00 | OK | |||
r-release-windows-x86_64 | 1.0.2 | 30.00 | 184.00 | 214.00 | OK | |
r-oldrel-macos-arm64 | 1.0.2 | 82.00 | OK | |||
r-oldrel-macos-x86_64 | 1.0.2 | 180.00 | OK | |||
r-oldrel-windows-x86_64 | 1.0.2 | 39.00 | 246.00 | 285.00 | OK |
Version: 1.0.2
Check: CRAN incoming feasibility
Result: NOTE
Maintainer: ‘Stefan Michiels <stefan.michiels@gustaveroussy.fr>’
No Authors@R field in DESCRIPTION.
Please add one, modifying
Authors@R: c(person(given = "Nils",
family = "Ternes",
role = "aut"),
person(given = "Federico",
family = "Rotolo",
role = "aut"),
person(given = "Stefan",
family = "Michiels",
role = c("aut", "cre"),
email = "stefan.michiels@gustaveroussy.fr"))
as necessary.
Flavor: r-devel-linux-x86_64-debian-gcc