CRAN Package Check Results for Package biplotbootGUI

Last updated on 2025-04-29 14:53:29 CEST.

Flavor Version Tinstall Tcheck Ttotal Status Flags
r-devel-linux-x86_64-debian-clang 1.3 16.00 74.76 90.76 NOTE
r-devel-linux-x86_64-debian-gcc 1.3 12.48 57.18 69.66 NOTE
r-devel-linux-x86_64-fedora-clang 1.3 159.02 OK
r-devel-linux-x86_64-fedora-gcc 1.3 146.38 OK
r-devel-windows-x86_64 1.3 14.00 78.00 92.00 OK
r-patched-linux-x86_64 1.3 16.20 70.26 86.46 OK
r-release-linux-x86_64 1.3 14.84 71.28 86.12 OK
r-release-macos-arm64 1.3 80.00 OK
r-release-macos-x86_64 1.3 131.00 OK
r-release-windows-x86_64 1.3 15.00 84.00 99.00 OK
r-oldrel-macos-arm64 1.3 59.00 OK
r-oldrel-macos-x86_64 1.3 73.00 OK
r-oldrel-windows-x86_64 1.3 16.00 88.00 104.00 OK

Check Details

Version: 1.3
Check: CRAN incoming feasibility
Result: NOTE Maintainer: ‘Ana Belen Nieto Librero <ananieto@usal.es>’ No Authors@R field in DESCRIPTION. Please add one, modifying Authors@R: c(person(given = c("Ana", "Belen", "Nieto"), family = "Librero", role = c("aut", "cre"), email = "ananieto@usal.es"), person(given = "Adelaide", family = "Freitas", role = "aut", email = "Adelaide@ua.pt")) as necessary. Flavors: r-devel-linux-x86_64-debian-clang, r-devel-linux-x86_64-debian-gcc