CRAN Package Check Results for Package burnr

Last updated on 2025-04-29 08:51:53 CEST.

Flavor Version Tinstall Tcheck Ttotal Status Flags
r-devel-linux-x86_64-debian-clang 0.6.1 5.25 85.84 91.09 OK
r-devel-linux-x86_64-debian-gcc 0.6.1 4.43 64.73 69.16 NOTE
r-devel-linux-x86_64-fedora-clang 0.6.1 145.49 OK
r-devel-linux-x86_64-fedora-gcc 0.6.1 151.43 OK
r-devel-windows-x86_64 0.6.1 8.00 103.00 111.00 OK
r-patched-linux-x86_64 0.6.1 6.73 82.11 88.84 OK
r-release-linux-x86_64 0.6.1 5.32 83.68 89.00 OK
r-release-macos-arm64 0.6.1 49.00 OK
r-release-macos-x86_64 0.6.1 124.00 OK
r-release-windows-x86_64 0.6.1 8.00 107.00 115.00 OK
r-oldrel-macos-arm64 0.6.1 48.00 OK
r-oldrel-macos-x86_64 0.6.1 70.00 OK
r-oldrel-windows-x86_64 0.6.1 10.00 133.00 143.00 OK

Check Details

Version: 0.6.1
Check: CRAN incoming feasibility
Result: NOTE Maintainer: ‘Steven Malevich <sbmalev@gmail.com>’ Package CITATION file contains call(s) to old-style personList() or as.personList(). Please use c() on person objects instead. Package CITATION file contains call(s) to old-style citEntry(). Please use bibentry() instead. Flavor: r-devel-linux-x86_64-debian-gcc