CRAN Package Check Results for Package calibmsm

Last updated on 2025-04-29 08:51:53 CEST.

Flavor Version Tinstall Tcheck Ttotal Status Flags
r-devel-linux-x86_64-debian-clang 1.1.1 5.83 560.07 565.90 NOTE
r-devel-linux-x86_64-debian-gcc 1.1.1 3.60 433.99 437.59 NOTE
r-devel-linux-x86_64-fedora-clang 1.1.1 877.37 NOTE
r-devel-linux-x86_64-fedora-gcc 1.1.1 1003.12 NOTE
r-devel-windows-x86_64 1.1.1 9.00 539.00 548.00 NOTE
r-patched-linux-x86_64 1.1.1 5.83 619.68 625.51 NOTE
r-release-linux-x86_64 1.1.1 5.97 618.21 624.18 NOTE
r-release-macos-arm64 1.1.1 381.00 NOTE
r-release-macos-x86_64 1.1.1 713.00 NOTE
r-release-windows-x86_64 1.1.1 9.00 531.00 540.00 NOTE
r-oldrel-macos-arm64 1.1.1 259.00 OK
r-oldrel-macos-x86_64 1.1.1 418.00 OK
r-oldrel-windows-x86_64 1.1.1 11.00 787.00 798.00 OK

Check Details

Version: 1.1.1
Check: DESCRIPTION meta-information
Result: NOTE Missing dependency on R >= 4.1.0 because package code uses the pipe |> or function shorthand \(...) syntax added in R 4.1.0. File(s) using such syntax: ‘internal_calib_aj.R’ ‘internal_calib_pv.R’ ‘internal_extract_ids_states.R’ ‘plot.calib_mlr.Rd’ ‘plot_calib.R’ ‘weights.R’ Flavors: r-devel-linux-x86_64-debian-clang, r-devel-linux-x86_64-debian-gcc, r-devel-linux-x86_64-fedora-clang, r-devel-linux-x86_64-fedora-gcc, r-devel-windows-x86_64, r-patched-linux-x86_64, r-release-linux-x86_64, r-release-macos-arm64, r-release-windows-x86_64

Version: 1.1.1
Check: examples
Result: NOTE Examples with CPU (user + system) or elapsed time > 5s user system elapsed plot.calib_mlr 4.386 0.158 6.253 Flavor: r-devel-linux-x86_64-debian-gcc

Version: 1.1.1
Check: DESCRIPTION meta-information
Result: NOTE Missing dependency on R >= 4.1.0 because package code uses the pipe |> or function shorthand \(...) syntax added in R 4.1.0. File(s) using such syntax: ‘internal_calib_aj.R’ ‘internal_calib_pv.R’ ‘internal_extract_ids_states.R’ ‘plot_calib.R’ ‘weights.R’ Flavor: r-release-macos-x86_64