Last updated on 2025-04-29 08:51:54 CEST.
Flavor | Version | Tinstall | Tcheck | Ttotal | Status | Flags |
---|---|---|---|---|---|---|
r-devel-linux-x86_64-debian-clang | 1.1 | 10.48 | 183.01 | 193.49 | NOTE | |
r-devel-linux-x86_64-debian-gcc | 1.1 | 8.16 | 130.44 | 138.60 | NOTE | |
r-devel-linux-x86_64-fedora-clang | 1.1 | 320.62 | NOTE | |||
r-devel-linux-x86_64-fedora-gcc | 1.1 | 304.86 | NOTE | |||
r-devel-windows-x86_64 | 1.1 | 11.00 | 181.00 | 192.00 | NOTE | |
r-patched-linux-x86_64 | 1.1 | 11.15 | 179.41 | 190.56 | NOTE | |
r-release-linux-x86_64 | 1.1 | 10.34 | 179.36 | 189.70 | NOTE | |
r-release-macos-arm64 | 1.1 | 138.00 | NOTE | |||
r-release-macos-x86_64 | 1.1 | 180.00 | NOTE | |||
r-release-windows-x86_64 | 1.1 | 13.00 | 182.00 | 195.00 | NOTE | |
r-oldrel-macos-arm64 | 1.1 | 97.00 | OK | |||
r-oldrel-macos-x86_64 | 1.1 | 262.00 | OK | |||
r-oldrel-windows-x86_64 | 1.1 | 15.00 | 232.00 | 247.00 | OK |
Version: 1.1
Check: DESCRIPTION meta-information
Result: NOTE
Missing dependency on R >= 4.1.0 because package code uses the pipe
|> or function shorthand \(...) syntax added in R 4.1.0.
File(s) using such syntax:
‘functions.R’
Flavors: r-devel-linux-x86_64-debian-clang, r-devel-linux-x86_64-debian-gcc, r-devel-linux-x86_64-fedora-clang, r-devel-linux-x86_64-fedora-gcc, r-devel-windows-x86_64, r-patched-linux-x86_64, r-release-linux-x86_64, r-release-macos-arm64, r-release-macos-x86_64, r-release-windows-x86_64
Version: 1.1
Check: examples
Result: NOTE
Examples with CPU (user + system) or elapsed time > 5s
user system elapsed
remove_cardinal_biases 9.413 0.438 9.943
Flavor: r-devel-linux-x86_64-debian-gcc