Last updated on 2025-04-29 08:51:54 CEST.
Flavor | Version | Tinstall | Tcheck | Ttotal | Status | Flags |
---|---|---|---|---|---|---|
r-devel-linux-x86_64-debian-clang | 2.1.1 | 14.51 | 127.50 | 142.01 | OK | |
r-devel-linux-x86_64-debian-gcc | 2.1.1 | 11.24 | 95.64 | 106.88 | NOTE | |
r-devel-linux-x86_64-fedora-clang | 2.1.1 | 237.44 | OK | |||
r-devel-linux-x86_64-fedora-gcc | 2.1.1 | 211.02 | OK | |||
r-devel-windows-x86_64 | 2.1.1 | 18.00 | 139.00 | 157.00 | OK | |
r-patched-linux-x86_64 | 2.1.1 | 13.90 | 127.45 | 141.35 | OK | |
r-release-linux-x86_64 | 2.1.1 | 15.75 | 125.99 | 141.74 | OK | |
r-release-macos-arm64 | 2.1.1 | 98.00 | OK | |||
r-release-macos-x86_64 | 2.1.1 | 131.00 | OK | |||
r-release-windows-x86_64 | 2.1.1 | 18.00 | 138.00 | 156.00 | OK | |
r-oldrel-macos-arm64 | 2.1.1 | 63.00 | OK | |||
r-oldrel-macos-x86_64 | 2.1.1 | 109.00 | OK | |||
r-oldrel-windows-x86_64 | 2.1.1 | 21.00 | 175.00 | 196.00 | OK |
Version: 2.1.1
Check: CRAN incoming feasibility
Result: NOTE
Maintainer: ‘Anton Strezhnev <astrezhnev@uchicago.edu>’
No Authors@R field in DESCRIPTION.
Please add one, modifying
Authors@R: c(person(given = "Soubhik",
family = "Barari",
role = "aut"),
person(given = "Elissa",
family = "Berwick",
role = "aut"),
person(given = "Jens",
family = "Hainmueller",
role = "aut"),
person(given = "Daniel",
family = "Hopkins",
role = "aut"),
person(given = "Sean",
family = "Liu",
role = "aut"),
person(given = "Anton",
family = "Strezhnev",
role = c("aut", "cre"),
email = "astrezhnev@uchicago.edu"),
person(given = "Teppei",
family = "Yamamoto",
role = "aut"))
as necessary.
Flavor: r-devel-linux-x86_64-debian-gcc