CRAN Package Check Results for Package class

Last updated on 2025-04-29 08:51:54 CEST.

Flavor Version Tinstall Tcheck Ttotal Status Flags
r-devel-linux-x86_64-debian-clang 7.3-23 3.04 21.46 24.50 OK
r-devel-linux-x86_64-debian-gcc 7.3-23 2.42 17.43 19.85 NOTE
r-devel-linux-x86_64-fedora-clang 7.3-23 40.28 OK
r-devel-linux-x86_64-fedora-gcc 7.3-23 37.22 OK
r-devel-windows-x86_64 7.3-23 6.00 53.00 59.00 OK
r-patched-linux-x86_64 7.3-23 3.75 21.10 24.85 OK
r-release-linux-x86_64 7.3-23 3.14 20.95 24.09 OK
r-release-macos-arm64 7.3-23 18.00 OK
r-release-macos-x86_64 7.3-23 28.00 OK
r-release-windows-x86_64 7.3-23 6.00 53.00 59.00 OK
r-oldrel-macos-arm64 7.3-23 23.00 OK
r-oldrel-macos-x86_64 7.3-23 45.00 OK
r-oldrel-windows-x86_64 7.3-23 8.00 51.00 59.00 OK

Check Details

Version: 7.3-23
Check: CRAN incoming feasibility
Result: NOTE Maintainer: ‘Brian Ripley <Brian.Ripley@R-project.org>’ Package CITATION file contains call(s) to old-style personList() or as.personList(). Please use c() on person objects instead. Package CITATION file contains call(s) to old-style citEntry(). Please use bibentry() instead. Flavor: r-devel-linux-x86_64-debian-gcc