Last updated on 2025-04-29 08:51:54 CEST.
Flavor | Version | Tinstall | Tcheck | Ttotal | Status | Flags |
---|---|---|---|---|---|---|
r-devel-linux-x86_64-debian-clang | 2.6.5 | 12.60 | 98.71 | 111.31 | OK | |
r-devel-linux-x86_64-debian-gcc | 2.6.5 | 9.32 | 67.68 | 77.00 | NOTE | |
r-devel-linux-x86_64-fedora-clang | 2.6.5 | 183.31 | OK | |||
r-devel-linux-x86_64-fedora-gcc | 2.6.5 | 173.42 | OK | |||
r-devel-windows-x86_64 | 2.6.5 | 15.00 | 99.00 | 114.00 | OK | |
r-patched-linux-x86_64 | 2.6.5 | 11.75 | 91.13 | 102.88 | OK | |
r-release-linux-x86_64 | 2.6.5 | 12.20 | 90.18 | 102.38 | OK | |
r-release-macos-arm64 | 2.6.5 | 48.00 | OK | |||
r-release-macos-x86_64 | 2.6.5 | 97.00 | OK | |||
r-release-windows-x86_64 | 2.6.5 | 13.00 | 99.00 | 112.00 | OK | |
r-oldrel-macos-arm64 | 2.6.5 | 49.00 | OK | |||
r-oldrel-macos-x86_64 | 2.6.5 | 70.00 | OK | |||
r-oldrel-windows-x86_64 | 2.6.5 | 18.00 | 135.00 | 153.00 | OK |
Version: 2.6.5
Check: CRAN incoming feasibility
Result: NOTE
Maintainer: ‘Justin Esarey <justin@justinesarey.com>’
Package CITATION file contains call(s) to old-style personList() or
as.personList(). Please use c() on person objects instead.
Package CITATION file contains call(s) to old-style citEntry(). Please
use bibentry() instead.
Flavor: r-devel-linux-x86_64-debian-gcc