Last updated on 2025-04-29 08:51:54 CEST.
Flavor | Version | Tinstall | Tcheck | Ttotal | Status | Flags |
---|---|---|---|---|---|---|
r-devel-linux-x86_64-debian-clang | 0.2.1 | 11.13 | 109.06 | 120.19 | OK | |
r-devel-linux-x86_64-debian-gcc | 0.2.1 | 8.11 | 79.88 | 87.99 | NOTE | |
r-devel-linux-x86_64-fedora-clang | 0.2.1 | 197.74 | OK | |||
r-devel-linux-x86_64-fedora-gcc | 0.2.1 | 214.59 | OK | |||
r-devel-windows-x86_64 | 0.2.1 | 13.00 | 137.00 | 150.00 | OK | |
r-patched-linux-x86_64 | 0.2.1 | 11.93 | 106.77 | 118.70 | OK | |
r-release-linux-x86_64 | 0.2.1 | 11.29 | 107.05 | 118.34 | OK | |
r-release-macos-arm64 | 0.2.1 | 78.00 | OK | |||
r-release-macos-x86_64 | 0.2.1 | 131.00 | OK | |||
r-release-windows-x86_64 | 0.2.1 | 12.00 | 139.00 | 151.00 | OK | |
r-oldrel-macos-arm64 | 0.2.1 | 62.00 | OK | |||
r-oldrel-macos-x86_64 | 0.2.1 | 115.00 | OK | |||
r-oldrel-windows-x86_64 | 0.2.1 | 18.00 | 173.00 | 191.00 | OK |
Version: 0.2.1
Check: CRAN incoming feasibility
Result: NOTE
Maintainer: ‘Yiran Zhang <yiz038@health.ucsd.edu>’
No Authors@R field in DESCRIPTION.
Please add one, modifying
Authors@R: c(person(given = "Yiran",
family = "Zhang",
role = c("aut", "cre"),
email = "yiz038@health.ucsd.edu"),
person(given = "Ronghui",
family = "Xu",
role = "aut"))
as necessary.
Flavor: r-devel-linux-x86_64-debian-gcc