Last updated on 2025-04-29 08:51:54 CEST.
Flavor | Version | Tinstall | Tcheck | Ttotal | Status | Flags |
---|---|---|---|---|---|---|
r-devel-linux-x86_64-debian-clang | 0.19-4.1 | 5.42 | 34.86 | 40.28 | OK | |
r-devel-linux-x86_64-debian-gcc | 0.19-4.1 | 3.97 | 25.26 | 29.23 | NOTE | |
r-devel-linux-x86_64-fedora-clang | 0.19-4.1 | 63.65 | OK | |||
r-devel-linux-x86_64-fedora-gcc | 0.19-4.1 | 60.96 | OK | |||
r-devel-windows-x86_64 | 0.19-4.1 | 6.00 | 59.00 | 65.00 | OK | |
r-patched-linux-x86_64 | 0.19-4.1 | 5.69 | 33.58 | 39.27 | OK | |
r-release-linux-x86_64 | 0.19-4.1 | 4.50 | 33.79 | 38.29 | OK | |
r-release-macos-arm64 | 0.19-4.1 | 24.00 | OK | |||
r-release-macos-x86_64 | 0.19-4.1 | 47.00 | OK | |||
r-release-windows-x86_64 | 0.19-4.1 | 8.00 | 62.00 | 70.00 | OK | |
r-oldrel-macos-arm64 | 0.19-4.1 | 25.00 | OK | |||
r-oldrel-macos-x86_64 | 0.19-4.1 | 31.00 | OK | |||
r-oldrel-windows-x86_64 | 0.19-4.1 | 6.00 | 65.00 | 71.00 | OK |
Version: 0.19-4.1
Check: CRAN incoming feasibility
Result: NOTE
Maintainer: ‘Martyn Plummer <martyn.plummer@gmail.com>’
Package CITATION file contains call(s) to old-style personList() or
as.personList(). Please use c() on person objects instead.
Package CITATION file contains call(s) to old-style citEntry(). Please
use bibentry() instead.
Flavor: r-devel-linux-x86_64-debian-gcc