Last updated on 2025-04-29 08:51:54 CEST.
Flavor | Version | Tinstall | Tcheck | Ttotal | Status | Flags |
---|---|---|---|---|---|---|
r-devel-linux-x86_64-debian-clang | 2.1.3.3 | 13.15 | 285.55 | 298.70 | OK | |
r-devel-linux-x86_64-debian-gcc | 2.1.3.3 | 8.71 | 190.93 | 199.64 | NOTE | |
r-devel-linux-x86_64-fedora-clang | 2.1.3.3 | 494.08 | OK | |||
r-devel-linux-x86_64-fedora-gcc | 2.1.3.3 | 487.63 | OK | |||
r-devel-windows-x86_64 | 2.1.3.3 | 15.00 | 270.00 | 285.00 | OK | |
r-patched-linux-x86_64 | 2.1.3.3 | 15.17 | 272.35 | 287.52 | OK | |
r-release-linux-x86_64 | 2.1.3.3 | 14.79 | 274.43 | 289.22 | OK | |
r-release-macos-arm64 | 2.1.3.3 | 137.00 | OK | |||
r-release-macos-x86_64 | 2.1.3.3 | 240.00 | OK | |||
r-release-windows-x86_64 | 2.1.3.3 | 17.00 | 264.00 | 281.00 | OK | |
r-oldrel-macos-arm64 | 2.1.3.3 | 139.00 | NOTE | |||
r-oldrel-macos-x86_64 | 2.1.3.3 | 204.00 | NOTE | |||
r-oldrel-windows-x86_64 | 2.1.3.3 | 19.00 | 333.00 | 352.00 | NOTE |
Version: 2.1.3.3
Check: CRAN incoming feasibility
Result: NOTE
Maintainer: ‘Marcelo Ponce <m.ponce@utoronto.ca>’
No Authors@R field in DESCRIPTION.
Please add one, modifying
Authors@R: c(person(given = "Marcelo",
family = "Ponce",
role = c("aut", "cre"),
email = "m.ponce@utoronto.ca"),
person(given = "Amit",
family = "Sandhel",
role = "ctb"))
as necessary.
Flavor: r-devel-linux-x86_64-debian-gcc
Version: 2.1.3.3
Check: installed package size
Result: NOTE
installed size is 5.1Mb
sub-directories of 1Mb or more:
doc 1.6Mb
extdata 2.6Mb
Flavors: r-oldrel-macos-arm64, r-oldrel-macos-x86_64, r-oldrel-windows-x86_64