CRAN Package Check Results for Package csvwr

Last updated on 2025-04-29 08:51:55 CEST.

Flavor Version Tinstall Tcheck Ttotal Status Flags
r-devel-linux-x86_64-debian-clang 0.1.7 5.57 44.55 50.12 OK
r-devel-linux-x86_64-debian-gcc 0.1.7 2.77 36.28 39.05 NOTE
r-devel-linux-x86_64-fedora-clang 0.1.7 74.93 OK
r-devel-linux-x86_64-fedora-gcc 0.1.7 84.71 OK
r-devel-windows-x86_64 0.1.7 6.00 69.00 75.00 OK
r-patched-linux-x86_64 0.1.7 5.58 42.80 48.38 OK
r-release-linux-x86_64 0.1.7 5.10 42.41 47.51 OK
r-release-macos-arm64 0.1.7 33.00 OK
r-release-macos-x86_64 0.1.7 57.00 OK
r-release-windows-x86_64 0.1.7 9.00 73.00 82.00 OK
r-oldrel-macos-arm64 0.1.7 31.00 OK
r-oldrel-macos-x86_64 0.1.7 48.00 OK
r-oldrel-windows-x86_64 0.1.7 9.00 79.00 88.00 OK

Check Details

Version: 0.1.7
Check: CRAN incoming feasibility
Result: NOTE Maintainer: ‘Robin Gower <csvwr@infonomics.ltd.uk>’ No Authors@R field in DESCRIPTION. Please add one, modifying Authors@R: person(given = "Robin", family = "Gower", role = c("aut", "cre"), email = "csvwr@infonomics.ltd.uk") as necessary. Flavor: r-devel-linux-x86_64-debian-gcc