Last updated on 2025-04-29 08:51:55 CEST.
Flavor | Version | Tinstall | Tcheck | Ttotal | Status | Flags |
---|---|---|---|---|---|---|
r-devel-linux-x86_64-debian-clang | 1.0.1 | 30.22 | 439.04 | 469.26 | NOTE | |
r-devel-linux-x86_64-debian-gcc | 1.0.1 | 19.24 | 292.05 | 311.29 | NOTE | |
r-devel-linux-x86_64-fedora-clang | 1.0.1 | 732.79 | OK | |||
r-devel-linux-x86_64-fedora-gcc | 1.0.1 | 734.40 | OK | |||
r-devel-windows-x86_64 | 1.0.1 | 97.00 | 515.00 | 612.00 | NOTE | |
r-patched-linux-x86_64 | 1.0.1 | 27.74 | 426.97 | 454.71 | NOTE | |
r-release-linux-x86_64 | 1.0.1 | 33.90 | 423.96 | 457.86 | NOTE | |
r-release-macos-arm64 | 1.0.1 | 5.00 | ERROR | |||
r-release-macos-x86_64 | 1.0.1 | 497.00 | OK | |||
r-release-windows-x86_64 | 1.0.1 | 103.00 | 554.00 | 657.00 | NOTE | |
r-oldrel-macos-arm64 | 1.0.1 | 189.00 | OK | |||
r-oldrel-macos-x86_64 | 1.0.1 | 344.00 | OK | |||
r-oldrel-windows-x86_64 | 1.0.1 | 126.00 | 712.00 | 838.00 | OK |
Version: 1.0.1
Check: Rd cross-references
Result: NOTE
Found the following Rd file(s) with Rd \link{} targets missing package
anchors:
ctpm.fit.Rd: slouch, plot.variogram
variogram.Rd: plot.variogram
Please provide package anchors for all Rd \link{} targets not in the
package itself and the base packages.
Flavors: r-devel-linux-x86_64-debian-clang, r-devel-linux-x86_64-debian-gcc, r-devel-windows-x86_64, r-patched-linux-x86_64, r-release-linux-x86_64, r-release-windows-x86_64
Version: 1.0.1
Check: package dependencies
Result: ERROR
Package required but not available: ‘ctmm’
See section ‘The DESCRIPTION file’ in the ‘Writing R Extensions’
manual.
Flavor: r-release-macos-arm64