Last updated on 2025-04-29 08:51:55 CEST.
Flavor | Version | Tinstall | Tcheck | Ttotal | Status | Flags |
---|---|---|---|---|---|---|
r-devel-linux-x86_64-debian-clang | 1.0.2.1000 | 14.33 | 319.41 | 333.74 | OK | |
r-devel-linux-x86_64-debian-gcc | 1.0.2.1000 | 10.04 | 211.31 | 221.35 | NOTE | |
r-devel-linux-x86_64-fedora-clang | 1.0.2.1000 | 520.26 | OK | |||
r-devel-linux-x86_64-fedora-gcc | 1.0.2.1000 | 520.11 | OK | |||
r-devel-windows-x86_64 | 1.0.2.1000 | 15.00 | 275.00 | 290.00 | OK | |
r-patched-linux-x86_64 | 1.0.2.1000 | 13.39 | 306.42 | 319.81 | OK | |
r-release-linux-x86_64 | 1.0.2.1000 | 14.04 | 303.71 | 317.75 | OK | |
r-release-macos-arm64 | 1.0.2.1000 | 144.00 | OK | |||
r-release-macos-x86_64 | 1.0.2.1000 | 296.00 | OK | |||
r-release-windows-x86_64 | 1.0.2.1000 | 15.00 | 278.00 | 293.00 | OK | |
r-oldrel-macos-arm64 | 1.0.2.1000 | 136.00 | OK | |||
r-oldrel-macos-x86_64 | 1.0.2.1000 | 231.00 | OK | |||
r-oldrel-windows-x86_64 | 1.0.2.1000 | 20.00 | 383.00 | 403.00 | OK |
Version: 1.0.2.1000
Check: CRAN incoming feasibility
Result: NOTE
Maintainer: ‘David Garibay <dgari039@uottawa.ca>’
Found the following \keyword or \concept entries
which likely give several index terms:
File ‘beta_params.Rd’:
\keyword{distribution;}
File ‘calc_evpi.Rd’:
\keyword{information;}
File ‘dirichlet_params.Rd’:
\keyword{distribution;}
File ‘gamma_params.Rd’:
\keyword{distribution;}
File ‘lnorm_params.Rd’:
\keyword{distribution;}
Flavor: r-devel-linux-x86_64-debian-gcc