CRAN Package Check Results for Package dataseries

Last updated on 2025-04-29 14:53:31 CEST.

Flavor Version Tinstall Tcheck Ttotal Status Flags
r-devel-linux-x86_64-debian-clang 0.2.0 1.58 17.08 18.66 NOTE
r-devel-linux-x86_64-debian-gcc 0.2.0 1.37 14.38 15.75 NOTE
r-devel-linux-x86_64-fedora-clang 0.2.0 29.12 OK
r-devel-linux-x86_64-fedora-gcc 0.2.0 27.22 OK
r-devel-windows-x86_64 0.2.0 2.00 39.00 41.00 OK
r-patched-linux-x86_64 0.2.0 1.68 16.40 18.08 OK
r-release-linux-x86_64 0.2.0 1.55 16.40 17.95 OK
r-release-macos-arm64 0.2.0 14.00 OK
r-release-macos-x86_64 0.2.0 23.00 OK
r-release-windows-x86_64 0.2.0 3.00 40.00 43.00 OK
r-oldrel-macos-arm64 0.2.0 14.00 OK
r-oldrel-macos-x86_64 0.2.0 20.00 OK
r-oldrel-windows-x86_64 0.2.0 4.00 39.00 43.00 OK

Check Details

Version: 0.2.0
Check: CRAN incoming feasibility
Result: NOTE Maintainer: ‘Christoph Sax <christoph.sax@gmail.com>’ No Authors@R field in DESCRIPTION. Please add one, modifying Authors@R: person(given = "Christoph", family = "Sax", role = c("aut", "cre"), email = "christoph.sax@gmail.com") as necessary. The BugReports field in DESCRIPTION has https://github.com/christophsax/dataseries which should likely be https://github.com/christophsax/dataseries/issues instead. Flavors: r-devel-linux-x86_64-debian-clang, r-devel-linux-x86_64-debian-gcc