Last updated on 2025-04-29 08:51:55 CEST.
Flavor | Version | Tinstall | Tcheck | Ttotal | Status | Flags |
---|---|---|---|---|---|---|
r-devel-linux-x86_64-debian-clang | 1.40 | 46.59 | 117.64 | 164.23 | NOTE | |
r-devel-linux-x86_64-debian-gcc | 1.40 | 26.60 | 78.92 | 105.52 | NOTE | |
r-devel-linux-x86_64-fedora-clang | 1.40 | 254.46 | OK | |||
r-devel-linux-x86_64-fedora-gcc | 1.40 | 256.02 | OK | |||
r-devel-windows-x86_64 | 1.40 | 51.00 | 183.00 | 234.00 | OK | |
r-patched-linux-x86_64 | 1.40 | 36.08 | 113.83 | 149.91 | NOTE | |
r-release-linux-x86_64 | 1.40 | 31.94 | 111.95 | 143.89 | NOTE | |
r-release-macos-arm64 | 1.40 | 81.00 | OK | |||
r-release-macos-x86_64 | 1.40 | 132.00 | OK | |||
r-release-windows-x86_64 | 1.40 | 52.00 | 185.00 | 237.00 | OK | |
r-oldrel-macos-arm64 | 1.40 | 79.00 | OK | |||
r-oldrel-macos-x86_64 | 1.40 | 100.00 | OK | |||
r-oldrel-windows-x86_64 | 1.40 | 52.00 | 197.00 | 249.00 | OK |
Version: 1.40
Check: for unstated dependencies in ‘demo’
Result: NOTE
'library' or 'require' call not declared from: ‘nlme’
Flavors: r-devel-linux-x86_64-debian-clang, r-devel-linux-x86_64-debian-gcc, r-patched-linux-x86_64, r-release-linux-x86_64