CRAN Package Check Results for Package dials

Last updated on 2025-04-29 08:51:55 CEST.

Flavor Version Tinstall Tcheck Ttotal Status Flags
r-devel-linux-x86_64-debian-clang 1.4.0 6.87 85.05 91.92 OK
r-devel-linux-x86_64-debian-gcc 1.4.0 6.45 62.54 68.99 NOTE
r-devel-linux-x86_64-fedora-clang 1.4.0 143.80 OK
r-devel-linux-x86_64-fedora-gcc 1.4.0 151.31 OK
r-devel-windows-x86_64 1.4.0 12.00 124.00 136.00 OK
r-patched-linux-x86_64 1.4.0 9.87 86.09 95.96 OK
r-release-linux-x86_64 1.4.0 7.77 85.93 93.70 OK
r-release-macos-arm64 1.4.0 55.00 OK
r-release-macos-x86_64 1.4.0 92.00 OK
r-release-windows-x86_64 1.4.0 10.00 125.00 135.00 OK
r-oldrel-macos-arm64 1.4.0 59.00 OK
r-oldrel-macos-x86_64 1.4.0 117.00 OK
r-oldrel-windows-x86_64 1.4.0 12.00 149.00 161.00 OK

Check Details

Version: 1.4.0
Check: DESCRIPTION meta-information
Result: NOTE Author field differs from that derived from Authors@R Author: ‘Max Kuhn [aut], Hannah Frick [aut, cre], Posit Software, PBC [cph, fnd] (03wc8by49)’ Authors@R: ‘Max Kuhn [aut], Hannah Frick [aut, cre], Posit Software, PBC [cph, fnd] (ROR: <https://ror.org/03wc8by49>)’ Flavor: r-devel-linux-x86_64-debian-gcc