Last updated on 2025-04-29 08:51:56 CEST.
Flavor | Version | Tinstall | Tcheck | Ttotal | Status | Flags |
---|---|---|---|---|---|---|
r-devel-linux-x86_64-debian-clang | 0.6.37 | 12.18 | 26.93 | 39.11 | NOTE | |
r-devel-linux-x86_64-debian-gcc | 0.6.37 | 10.15 | 22.45 | 32.60 | NOTE | |
r-devel-linux-x86_64-fedora-clang | 0.6.37 | 62.49 | OK | |||
r-devel-linux-x86_64-fedora-gcc | 0.6.37 | 77.26 | OK | |||
r-devel-windows-x86_64 | 0.6.37 | 23.00 | 53.00 | 76.00 | OK | |
r-patched-linux-x86_64 | 0.6.37 | 12.52 | 26.19 | 38.71 | NOTE | |
r-release-linux-x86_64 | 0.6.37 | 10.37 | 26.14 | 36.51 | NOTE | |
r-release-macos-arm64 | 0.6.37 | 31.00 | OK | |||
r-release-macos-x86_64 | 0.6.37 | 51.00 | OK | |||
r-release-windows-x86_64 | 0.6.37 | 26.00 | 58.00 | 84.00 | OK | |
r-oldrel-macos-arm64 | 0.6.37 | 56.00 | OK | |||
r-oldrel-macos-x86_64 | 0.6.37 | 118.00 | OK | |||
r-oldrel-windows-x86_64 | 0.6.37 | 27.00 | 55.00 | 82.00 | OK |
Version: 0.6.37
Check: for unstated dependencies in ‘demo’
Result: NOTE
'::' or ':::' import not declared from: ‘rbenchmark’
Flavors: r-devel-linux-x86_64-debian-clang, r-devel-linux-x86_64-debian-gcc, r-patched-linux-x86_64, r-release-linux-x86_64