Last updated on 2025-05-07 04:50:25 CEST.
Flavor | Version | Tinstall | Tcheck | Ttotal | Status | Flags |
---|---|---|---|---|---|---|
r-devel-linux-x86_64-debian-clang | 1.1.4 | 23.97 | 291.98 | 315.95 | NOTE | |
r-devel-linux-x86_64-debian-gcc | 1.1.4 | 15.64 | 192.54 | 208.18 | NOTE | |
r-devel-linux-x86_64-fedora-clang | 1.1.4 | 521.68 | NOTE | |||
r-devel-linux-x86_64-fedora-gcc | 1.1.4 | 513.77 | NOTE | |||
r-devel-windows-x86_64 | 1.1.4 | 33.00 | 300.00 | 333.00 | NOTE | |
r-patched-linux-x86_64 | 1.1.4 | 27.20 | 271.87 | 299.07 | NOTE | |
r-release-linux-x86_64 | 1.1.4 | 20.84 | 269.69 | 290.53 | NOTE | |
r-release-macos-arm64 | 1.1.4 | 194.00 | NOTE | |||
r-release-macos-x86_64 | 1.1.4 | 311.00 | NOTE | |||
r-release-windows-x86_64 | 1.1.4 | 33.00 | 294.00 | 327.00 | NOTE | |
r-oldrel-macos-arm64 | 1.1.4 | 137.00 | OK | |||
r-oldrel-macos-x86_64 | 1.1.4 | 232.00 | OK | |||
r-oldrel-windows-x86_64 | 1.1.4 | 41.00 | 393.00 | 434.00 | OK |
Version: 1.1.4
Check: compiled code
Result: NOTE
File ‘dplyr/libs/dplyr.so’:
Found non-API calls to R: ‘LEVELS’, ‘OBJECT’, ‘PRVALUE’,
‘R_shallow_duplicate_attr’, ‘Rf_allocSExp’, ‘SET_PRCODE’,
‘SET_PRENV’, ‘SET_PRVALUE’
Compiled code should not call non-API entry points in R.
See ‘Writing portable packages’ in the ‘Writing R Extensions’ manual,
and section ‘Moving into C API compliance’ for issues with the use of
non-API entry points.
Flavors: r-devel-linux-x86_64-debian-clang, r-devel-linux-x86_64-debian-gcc, r-devel-linux-x86_64-fedora-clang, r-devel-linux-x86_64-fedora-gcc, r-patched-linux-x86_64, r-release-linux-x86_64, r-release-macos-arm64, r-release-macos-x86_64
Version: 1.1.4
Check: compiled code
Result: NOTE
File 'dplyr/libs/x64/dplyr.dll':
Found non-API calls to R: 'LEVELS', 'OBJECT', 'PRVALUE',
'R_shallow_duplicate_attr', 'Rf_allocSExp', 'SET_PRCODE',
'SET_PRENV', 'SET_PRVALUE'
Compiled code should not call non-API entry points in R.
See 'Writing portable packages' in the 'Writing R Extensions' manual,
and section 'Moving into C API compliance' for issues with the use of
non-API entry points.
Flavors: r-devel-windows-x86_64, r-release-windows-x86_64