Last updated on 2025-04-29 08:51:56 CEST.
Flavor | Version | Tinstall | Tcheck | Ttotal | Status | Flags |
---|---|---|---|---|---|---|
r-devel-linux-x86_64-debian-clang | 3.2022.3 | 4.17 | 65.28 | 69.45 | OK | |
r-devel-linux-x86_64-debian-gcc | 3.2022.3 | 2.26 | 45.39 | 47.65 | NOTE | |
r-devel-linux-x86_64-fedora-clang | 3.2022.3 | 106.57 | OK | |||
r-devel-linux-x86_64-fedora-gcc | 3.2022.3 | 116.90 | OK | |||
r-devel-windows-x86_64 | 3.2022.3 | 7.00 | 95.00 | 102.00 | OK | |
r-patched-linux-x86_64 | 3.2022.3 | 4.42 | 63.15 | 67.57 | OK | |
r-release-linux-x86_64 | 3.2022.3 | 3.85 | 62.76 | 66.61 | OK | |
r-release-macos-arm64 | 3.2022.3 | 84.00 | OK | |||
r-release-macos-x86_64 | 3.2022.3 | 110.00 | OK | |||
r-release-windows-x86_64 | 3.2022.3 | 6.00 | 99.00 | 105.00 | OK | |
r-oldrel-macos-arm64 | 3.2022.3 | 57.00 | OK | |||
r-oldrel-macos-x86_64 | 3.2022.3 | 99.00 | OK | |||
r-oldrel-windows-x86_64 | 3.2022.3 | 7.00 | 110.00 | 117.00 | OK |
Version: 3.2022.3
Check: examples
Result: NOTE
Examples with CPU (user + system) or elapsed time > 5s
user system elapsed
assign_to_grid 4.319 0.18 6.084
Flavor: r-devel-linux-x86_64-debian-gcc