Last updated on 2025-04-29 08:51:57 CEST.
Flavor | Version | Tinstall | Tcheck | Ttotal | Status | Flags |
---|---|---|---|---|---|---|
r-devel-linux-x86_64-debian-clang | 3.0 | 9.32 | 70.46 | 79.78 | OK | |
r-devel-linux-x86_64-debian-gcc | 3.0 | 6.73 | 52.53 | 59.26 | NOTE | |
r-devel-linux-x86_64-fedora-clang | 3.0 | 123.01 | OK | |||
r-devel-linux-x86_64-fedora-gcc | 3.0 | 119.51 | OK | |||
r-devel-windows-x86_64 | 3.0 | 10.00 | 81.00 | 91.00 | OK | |
r-patched-linux-x86_64 | 3.0 | 9.15 | 67.05 | 76.20 | OK | |
r-release-linux-x86_64 | 3.0 | 8.99 | 67.38 | 76.37 | OK | |
r-release-macos-arm64 | 3.0 | 35.00 | OK | |||
r-release-macos-x86_64 | 3.0 | 65.00 | OK | |||
r-release-windows-x86_64 | 3.0 | 10.00 | 81.00 | 91.00 | OK | |
r-oldrel-macos-arm64 | 3.0 | 37.00 | OK | |||
r-oldrel-macos-x86_64 | 3.0 | 51.00 | OK | |||
r-oldrel-windows-x86_64 | 3.0 | 13.00 | 98.00 | 111.00 | OK |
Version: 3.0
Check: CRAN incoming feasibility
Result: NOTE
Maintainer: ‘Emmanuel Arnhold <emmanuelarnhold@yahoo.com.br>’
No Authors@R field in DESCRIPTION.
Please add one, modifying
Authors@R: person(given = "Emmanuel",
family = "Arnhold",
role = c("aut", "cre"),
email = "emmanuelarnhold@yahoo.com.br")
as necessary.
Flavor: r-devel-linux-x86_64-debian-gcc