CRAN Package Check Results for Package excel2eprime

Last updated on 2025-04-29 14:53:34 CEST.

Flavor Version Tinstall Tcheck Ttotal Status Flags
r-devel-linux-x86_64-debian-clang 0.4.0 4.92 38.46 43.38 NOTE
r-devel-linux-x86_64-debian-gcc 0.4.0 3.07 27.26 30.33 NOTE
r-devel-linux-x86_64-fedora-clang 0.4.0 63.13 OK
r-devel-linux-x86_64-fedora-gcc 0.4.0 60.14 OK
r-devel-windows-x86_64 0.4.0 6.00 53.00 59.00 OK
r-patched-linux-x86_64 0.4.0 4.11 34.18 38.29 OK
r-release-linux-x86_64 0.4.0 4.66 34.19 38.85 OK
r-release-macos-arm64 0.4.0 21.00 OK
r-release-macos-x86_64 0.4.0 40.00 OK
r-release-windows-x86_64 0.4.0 6.00 53.00 59.00 OK
r-oldrel-macos-arm64 0.4.0 23.00 OK
r-oldrel-macos-x86_64 0.4.0 32.00 OK
r-oldrel-windows-x86_64 0.4.0 8.00 60.00 68.00 OK

Check Details

Version: 0.4.0
Check: CRAN incoming feasibility
Result: NOTE Maintainer: ‘Jack Will <wujackwill@outlook.com>’ No Authors@R field in DESCRIPTION. Please add one, modifying Authors@R: person(given = "Jack", family = "Will", role = c("aut", "cre"), email = "wujackwill@outlook.com") as necessary. Flavors: r-devel-linux-x86_64-debian-clang, r-devel-linux-x86_64-debian-gcc