Last updated on 2025-04-29 08:51:57 CEST.
Flavor | Version | Tinstall | Tcheck | Ttotal | Status | Flags |
---|---|---|---|---|---|---|
r-devel-linux-x86_64-debian-clang | 1.0.2 | 8.42 | 78.48 | 86.90 | OK | |
r-devel-linux-x86_64-debian-gcc | 1.0.2 | 5.45 | 58.37 | 63.82 | NOTE | |
r-devel-linux-x86_64-fedora-clang | 1.0.2 | 157.85 | NOTE | |||
r-devel-linux-x86_64-fedora-gcc | 1.0.2 | 159.84 | NOTE | |||
r-devel-windows-x86_64 | 1.0.2 | 11.00 | 101.00 | 112.00 | OK | |
r-patched-linux-x86_64 | 1.0.2 | 8.62 | 77.56 | 86.18 | OK | |
r-release-linux-x86_64 | 1.0.2 | 8.81 | 78.46 | 87.27 | OK | |
r-release-macos-arm64 | 1.0.2 | 49.00 | OK | |||
r-release-macos-x86_64 | 1.0.2 | 81.00 | OK | |||
r-release-windows-x86_64 | 1.0.2 | 11.00 | 98.00 | 109.00 | OK | |
r-oldrel-macos-arm64 | 1.0.2 | 41.00 | OK | |||
r-oldrel-macos-x86_64 | 1.0.2 | 62.00 | OK | |||
r-oldrel-windows-x86_64 | 1.0.2 | 16.00 | 120.00 | 136.00 | OK |
Version: 1.0.2
Check: examples
Result: NOTE
Examples with CPU (user + system) or elapsed time > 5s
user system elapsed
ePerformance 3.805 0.123 7.291
Flavor: r-devel-linux-x86_64-debian-gcc
Version: 1.0.2
Check: dependencies in R code
Result: NOTE
Namespace in Imports field not imported from: ‘ggpmisc’
All declared Imports should be used.
Flavors: r-devel-linux-x86_64-fedora-clang, r-devel-linux-x86_64-fedora-gcc