Last updated on 2025-04-29 08:51:57 CEST.
Flavor | Version | Tinstall | Tcheck | Ttotal | Status | Flags |
---|---|---|---|---|---|---|
r-devel-linux-x86_64-debian-clang | 1.0.0 | 6.15 | 90.14 | 96.29 | OK | |
r-devel-linux-x86_64-debian-gcc | 1.1.0 | 4.11 | 67.64 | 71.75 | NOTE | |
r-devel-linux-x86_64-fedora-clang | 1.1.0 | 150.98 | OK | |||
r-devel-linux-x86_64-fedora-gcc | 1.1.0 | 163.41 | OK | |||
r-devel-windows-x86_64 | 1.1.0 | 8.00 | 100.00 | 108.00 | OK | |
r-patched-linux-x86_64 | 1.1.0 | 6.40 | 83.54 | 89.94 | OK | |
r-release-linux-x86_64 | 1.1.0 | 5.69 | 83.83 | 89.52 | OK | |
r-release-macos-arm64 | 1.1.0 | 53.00 | OK | |||
r-release-macos-x86_64 | 1.1.0 | 97.00 | OK | |||
r-release-windows-x86_64 | 1.1.0 | 7.00 | 104.00 | 111.00 | OK | |
r-oldrel-macos-arm64 | 1.1.0 | 57.00 | OK | |||
r-oldrel-macos-x86_64 | 1.1.0 | 100.00 | OK | |||
r-oldrel-windows-x86_64 | 1.1.0 | 10.00 | 117.00 | 127.00 | OK |
Version: 1.1.0
Check: examples
Result: NOTE
Examples with CPU (user + system) or elapsed time > 5s
user system elapsed
epoch 3.153 0.195 5.444
Flavor: r-devel-linux-x86_64-debian-gcc