Last updated on 2025-04-29 08:51:58 CEST.
Flavor | Version | Tinstall | Tcheck | Ttotal | Status | Flags |
---|---|---|---|---|---|---|
r-devel-linux-x86_64-debian-clang | 1.0.7 | 14.30 | 231.96 | 246.26 | OK | |
r-devel-linux-x86_64-debian-gcc | 1.0.7 | 10.88 | 165.99 | 176.87 | NOTE | |
r-devel-linux-x86_64-fedora-clang | 1.0.7 | 390.49 | OK | |||
r-devel-linux-x86_64-fedora-gcc | 1.0.7 | 386.09 | OK | |||
r-devel-windows-x86_64 | 1.0.7 | 16.00 | 240.00 | 256.00 | OK | |
r-patched-linux-x86_64 | 1.0.7 | 15.80 | 229.20 | 245.00 | OK | |
r-release-linux-x86_64 | 1.0.7 | 13.88 | 228.74 | 242.62 | OK | |
r-release-macos-arm64 | 1.0.7 | 112.00 | OK | |||
r-release-macos-x86_64 | 1.0.7 | 268.00 | OK | |||
r-release-windows-x86_64 | 1.0.7 | 18.00 | 250.00 | 268.00 | OK | |
r-oldrel-macos-arm64 | 1.0.7 | 103.00 | OK | |||
r-oldrel-macos-x86_64 | 1.0.7 | 259.00 | OK | |||
r-oldrel-windows-x86_64 | 1.0.7 | 21.00 | 307.00 | 328.00 | OK |
Version: 1.0.7
Check: examples
Result: NOTE
Examples with CPU (user + system) or elapsed time > 5s
user system elapsed
flash 7.715 0.57 9.139
Flavor: r-devel-linux-x86_64-debian-gcc